Last updated on 2023-03-22 05:52:31 CET.
Flavor | Version | Tinstall | Tcheck | Ttotal | Status | Flags |
---|---|---|---|---|---|---|
r-devel-linux-x86_64-debian-clang | 1.0.6 | 49.95 | 501.22 | 551.17 | NOTE | |
r-devel-linux-x86_64-debian-gcc | 1.0.6 | 42.11 | 390.18 | 432.29 | NOTE | |
r-devel-linux-x86_64-fedora-clang | 1.0.6 | 734.28 | NOTE | |||
r-devel-linux-x86_64-fedora-gcc | 1.0.6 | 702.27 | NOTE | |||
r-devel-windows-x86_64 | 1.0.6 | 57.00 | 565.00 | 622.00 | OK | |
r-patched-linux-x86_64 | 1.0.6 | 42.72 | 475.31 | 518.03 | NOTE | |
r-release-linux-x86_64 | 1.0.6 | 37.12 | 470.41 | 507.53 | NOTE | |
r-release-macos-arm64 | 1.0.6 | 170.00 | OK | |||
r-release-macos-x86_64 | 1.0.6 | 243.00 | OK | |||
r-release-windows-x86_64 | 1.0.6 | 49.00 | 536.00 | 585.00 | OK | |
r-oldrel-macos-arm64 | 1.0.6 | 245.00 | OK | |||
r-oldrel-macos-x86_64 | 1.0.6 | 376.00 | OK | |||
r-oldrel-windows-ix86+x86_64 | 1.0.6 | 100.00 | 470.00 | 570.00 | OK |
Version: 1.0.6
Check: for non-standard things in the check directory
Result: NOTE
Found the following files/directories:
‘MM2S_Predictions_Heatmap.pdf’ ‘MM2S_Predictions_StackedBarplot.pdf’
Flavors: r-devel-linux-x86_64-debian-clang, r-devel-linux-x86_64-debian-gcc, r-devel-linux-x86_64-fedora-clang, r-devel-linux-x86_64-fedora-gcc, r-patched-linux-x86_64, r-release-linux-x86_64