CRAN Package Check Results for Package MLmetrics

Last updated on 2024-06-17 08:51:13 CEST.

Flavor Version Tinstall Tcheck Ttotal Status Flags
r-devel-linux-x86_64-debian-clang 1.1.3 2.51 25.49 28.00 OK
r-devel-linux-x86_64-debian-gcc 1.1.3 2.18 19.69 21.87 OK
r-devel-linux-x86_64-fedora-clang 1.1.3 35.33 NOTE
r-devel-linux-x86_64-fedora-gcc 1.1.3 33.33 NOTE
r-devel-windows-x86_64 1.1.3 3.00 46.00 49.00 OK
r-patched-linux-x86_64 1.1.3 2.22 25.01 27.23 OK
r-release-linux-x86_64 1.1.3 2.13 24.63 26.76 OK
r-release-macos-arm64 1.1.3 16.00 OK
r-release-macos-x86_64 1.1.3 23.00 OK
r-release-windows-x86_64 1.1.3 4.00 47.00 51.00 OK
r-oldrel-macos-arm64 1.1.3 20.00 OK
r-oldrel-macos-x86_64 1.1.3 30.00 OK
r-oldrel-windows-x86_64 1.1.3 4.00 50.00 54.00 OK

Check Details

Version: 1.1.3
Check: dependencies in R code
Result: NOTE Namespace in Imports field not imported from: ‘utils’ All declared Imports should be used. Flavors: r-devel-linux-x86_64-fedora-clang, r-devel-linux-x86_64-fedora-gcc