CRAN Package Check Results for Package MLZ

Last updated on 2023-02-07 07:54:07 CET.

Flavor Version Tinstall Tcheck Ttotal Status Flags
r-devel-linux-x86_64-debian-clang 0.1.4 158.02 151.61 309.63 NOTE
r-devel-linux-x86_64-debian-gcc 0.1.4 105.88 112.33 218.21 NOTE
r-devel-linux-x86_64-fedora-clang 0.1.4 359.64 NOTE
r-devel-linux-x86_64-fedora-gcc 0.1.4 357.61 NOTE
r-devel-windows-x86_64 0.1.4 113.00 203.00 316.00 NOTE
r-patched-linux-x86_64 0.1.4 103.67 146.49 250.16 OK
r-release-linux-x86_64 0.1.4 110.11 145.49 255.60 OK
r-release-macos-arm64 0.1.4 122.00 NOTE
r-release-macos-x86_64 0.1.4 189.00 NOTE
r-release-windows-x86_64 0.1.4 86.00 216.00 302.00 NOTE
r-oldrel-macos-arm64 0.1.4 95.00 NOTE
r-oldrel-macos-x86_64 0.1.4 123.00 NOTE
r-oldrel-windows-ix86+x86_64 0.1.4 253.00 223.00 476.00 NOTE

Check Details

Version: 0.1.4
Check: package subdirectories
Result: NOTE
    Problems with news in ‘NEWS.md’:
    No news entries found.
Flavors: r-devel-linux-x86_64-debian-clang, r-devel-linux-x86_64-debian-gcc, r-devel-linux-x86_64-fedora-clang, r-devel-linux-x86_64-fedora-gcc, r-devel-windows-x86_64

Version: 0.1.4
Check: installed package size
Result: NOTE
     installed size is 13.6Mb
     sub-directories of 1Mb or more:
     libs 13.2Mb
Flavors: r-devel-windows-x86_64, r-release-macos-arm64, r-release-macos-x86_64, r-release-windows-x86_64, r-oldrel-macos-arm64, r-oldrel-macos-x86_64, r-oldrel-windows-ix86+x86_64