CRAN Package Check Results for Package MLDataR

Last updated on 2023-01-28 07:15:00 CET.

Flavor Version Tinstall Tcheck Ttotal Status Flags
r-devel-linux-x86_64-debian-clang 1.0.1 2.96 48.68 51.64 OK
r-devel-linux-x86_64-debian-gcc 1.0.1 2.17 37.55 39.72 OK
r-devel-linux-x86_64-fedora-clang 1.0.1 63.14 NOTE
r-devel-linux-x86_64-fedora-gcc 1.0.1 72.10 NOTE
r-devel-windows-x86_64 1.0.1 12.00 79.00 91.00 OK
r-patched-linux-x86_64 1.0.1 2.83 48.51 51.34 OK
r-release-linux-x86_64 1.0.1 2.90 48.65 51.55 OK
r-release-macos-arm64 1.0.1 25.00 NOTE
r-release-macos-x86_64 1.0.1 35.00 NOTE
r-release-windows-x86_64 1.0.1 16.00 80.00 96.00 OK
r-oldrel-macos-arm64 1.0.1 28.00 NOTE
r-oldrel-macos-x86_64 1.0.1 38.00 NOTE
r-oldrel-windows-ix86+x86_64 1.0.1 9.00 76.00 85.00 OK

Check Details

Version: 1.0.1
Check: dependencies in R code
Result: NOTE
    Namespaces in Imports field not imported from:
     ‘ConfusionTableR’ ‘OddsPlotty’ ‘caret’ ‘dplyr’ ‘ggplot2’ ‘parsnip’
     ‘ranger’ ‘recipes’ ‘rsample’ ‘varhandle’ ‘workflows’
     All declared Imports should be used.
Flavors: r-devel-linux-x86_64-fedora-clang, r-devel-linux-x86_64-fedora-gcc, r-release-macos-arm64, r-release-macos-x86_64, r-oldrel-macos-arm64, r-oldrel-macos-x86_64