Last updated on 2023-02-06 06:52:02 CET.
Flavor | Version | Tinstall | Tcheck | Ttotal | Status | Flags |
---|---|---|---|---|---|---|
r-devel-linux-x86_64-debian-clang | 0.5 | 19.15 | 178.01 | 197.16 | NOTE | |
r-devel-linux-x86_64-debian-gcc | 0.5 | 12.74 | 128.26 | 141.00 | NOTE | |
r-devel-linux-x86_64-fedora-clang | 0.5 | 240.10 | NOTE | |||
r-devel-linux-x86_64-fedora-gcc | 0.5 | 239.56 | NOTE | |||
r-devel-windows-x86_64 | 0.5 | 30.00 | 264.00 | 294.00 | NOTE | |
r-patched-linux-x86_64 | 0.5 | 14.33 | 163.27 | 177.60 | OK | |
r-release-linux-x86_64 | 0.5 | 13.98 | 174.45 | 188.43 | OK | |
r-release-macos-arm64 | 0.5 | 63.00 | OK | |||
r-release-macos-x86_64 | 0.5 | 109.00 | OK | |||
r-release-windows-x86_64 | 0.5 | 42.00 | 254.00 | 296.00 | OK | |
r-oldrel-macos-arm64 | 0.5 | 75.00 | OK | |||
r-oldrel-macos-x86_64 | 0.5 | 120.00 | OK | |||
r-oldrel-windows-ix86+x86_64 | 0.5 | 35.00 | 202.00 | 237.00 | OK |
Version: 0.5
Check: Rd files
Result: NOTE
checkRd: (-1) ssize.propCI.Rd:38: Escaped LaTeX specials: \&
Flavors: r-devel-linux-x86_64-debian-clang, r-devel-linux-x86_64-debian-gcc, r-devel-linux-x86_64-fedora-clang, r-devel-linux-x86_64-fedora-gcc, r-devel-windows-x86_64