Last updated on 2023-11-30 07:52:41 CET.
Flavor | Version | Tinstall | Tcheck | Ttotal | Status | Flags |
---|---|---|---|---|---|---|
r-devel-linux-x86_64-debian-clang | 0.5.8 | 5.11 | 43.38 | 48.49 | NOTE | |
r-devel-linux-x86_64-debian-gcc | 0.5.8 | 5.18 | 32.14 | 37.32 | NOTE | |
r-devel-linux-x86_64-fedora-clang | 0.5.8 | 61.90 | OK | |||
r-devel-linux-x86_64-fedora-gcc | 0.5.8 | 58.70 | OK | |||
r-devel-windows-x86_64 | 0.5.8 | 8.00 | 56.00 | 64.00 | OK | |
r-patched-linux-x86_64 | 0.5.8 | 5.47 | 41.75 | 47.22 | OK | |
r-release-linux-x86_64 | 0.5.8 | 5.50 | 41.72 | 47.22 | OK | |
r-release-macos-arm64 | 0.5.8 | 22.00 | OK | |||
r-release-macos-x86_64 | 0.5.8 | 30.00 | OK | |||
r-release-windows-x86_64 | 0.5.8 | 9.00 | 59.00 | 68.00 | OK | |
r-oldrel-macos-arm64 | 0.5.8 | 21.00 | OK | |||
r-oldrel-macos-x86_64 | 0.5.8 | 33.00 | OK | |||
r-oldrel-windows-x86_64 | 0.5.8 | 10.00 | 59.00 | 69.00 | OK |
Version: 0.5.8
Check: Rd files
Result: NOTE
checkRd: (-1) miive.Rd:120-239: Lost braces in \itemize; meant \describe ?
checkRd: (-1) miive.Rd:241-264: Lost braces in \itemize; meant \describe ?
checkRd: (-1) miive.Rd:266-277: Lost braces in \itemize; meant \describe ?
checkRd: (-1) miive.Rd:279-286: Lost braces in \itemize; meant \describe ?
checkRd: (-1) miive.Rd:288-293: Lost braces in \itemize; meant \describe ?
checkRd: (-1) miive.Rd:295-311: Lost braces in \itemize; meant \describe ?
checkRd: (-1) miive.Rd:313-337: Lost braces in \itemize; meant \describe ?
checkRd: (-1) miive.Rd:339-352: Lost braces in \itemize; meant \describe ?
checkRd: (-1) miive.Rd:353-370: Lost braces in \itemize; meant \describe ?
checkRd: (-1) miive.Rd:426: Lost braces
426 | \link{MIIVsem}{miivs}
| ^
checkRd: (-1) miivs.Rd:33-160: Lost braces in \itemize; meant \describe ?
Flavors: r-devel-linux-x86_64-debian-clang, r-devel-linux-x86_64-debian-gcc