Last updated on 2023-02-07 07:54:07 CET.
Flavor | Version | Tinstall | Tcheck | Ttotal | Status | Flags |
---|---|---|---|---|---|---|
r-devel-linux-x86_64-debian-clang | 1.0.0 | 55.32 | 62.10 | 117.42 | NOTE | |
r-devel-linux-x86_64-debian-gcc | 1.0.0 | 41.26 | 40.68 | 81.94 | NOTE | |
r-devel-linux-x86_64-fedora-clang | 1.0.0 | 158.08 | NOTE | |||
r-devel-linux-x86_64-fedora-gcc | 1.0.0 | 147.64 | NOTE | |||
r-devel-windows-x86_64 | 1.0.0 | 62.00 | 114.00 | 176.00 | NOTE | |
r-patched-linux-x86_64 | 1.0.0 | 44.82 | 49.64 | 94.46 | OK | |
r-release-linux-x86_64 | 1.0.0 | 38.96 | 49.80 | 88.76 | OK | |
r-release-macos-arm64 | 1.0.0 | 37.00 | OK | |||
r-release-macos-x86_64 | 1.0.0 | 50.00 | OK | |||
r-release-windows-x86_64 | 1.0.0 | 60.00 | 115.00 | 175.00 | OK | |
r-oldrel-macos-arm64 | 1.0.0 | 40.00 | OK | |||
r-oldrel-macos-x86_64 | 1.0.0 | 52.00 | OK | |||
r-oldrel-windows-ix86+x86_64 | 1.0.0 | 127.00 | 112.00 | 239.00 | OK |
Version: 1.0.0
Check: C++ specification
Result: NOTE
Specified C++11: please update to current default of C++17
Flavors: r-devel-linux-x86_64-debian-clang, r-devel-linux-x86_64-debian-gcc, r-devel-linux-x86_64-fedora-clang, r-devel-linux-x86_64-fedora-gcc, r-devel-windows-x86_64