Last updated on 2023-02-06 06:52:01 CET.
Flavor | Version | Tinstall | Tcheck | Ttotal | Status | Flags |
---|---|---|---|---|---|---|
r-devel-linux-x86_64-debian-clang | 0.1-1 | 7.85 | 87.40 | 95.25 | NOTE | |
r-devel-linux-x86_64-debian-gcc | 0.1-1 | 5.77 | 65.12 | 70.89 | NOTE | |
r-devel-linux-x86_64-fedora-clang | 0.1-1 | 120.39 | NOTE | |||
r-devel-linux-x86_64-fedora-gcc | 0.1-1 | 125.73 | NOTE | |||
r-devel-windows-x86_64 | 0.1-1 | 23.00 | 146.00 | 169.00 | NOTE | |
r-patched-linux-x86_64 | 0.1-1 | 7.76 | 83.03 | 90.79 | NOTE | |
r-release-linux-x86_64 | 0.1-1 | 5.94 | 86.07 | 92.01 | NOTE | |
r-release-macos-arm64 | 0.1-1 | 33.00 | NOTE | |||
r-release-macos-x86_64 | 0.1-1 | 40.00 | NOTE | |||
r-release-windows-x86_64 | 0.1-1 | 21.00 | 149.00 | 170.00 | NOTE | |
r-oldrel-macos-arm64 | 0.1-1 | 46.00 | NOTE | |||
r-oldrel-macos-x86_64 | 0.1-1 | 59.00 | NOTE | |||
r-oldrel-windows-ix86+x86_64 | 0.1-1 | 17.00 | 133.00 | 150.00 | NOTE |
Version: 0.1-1
Check: LazyData
Result: NOTE
'LazyData' is specified without a 'data' directory
Flavors: r-devel-linux-x86_64-debian-clang, r-devel-linux-x86_64-debian-gcc, r-devel-linux-x86_64-fedora-clang, r-devel-linux-x86_64-fedora-gcc, r-devel-windows-x86_64, r-patched-linux-x86_64, r-release-linux-x86_64, r-release-macos-arm64, r-release-macos-x86_64, r-release-windows-x86_64, r-oldrel-macos-arm64, r-oldrel-macos-x86_64, r-oldrel-windows-ix86+x86_64