Last updated on 2023-02-09 06:55:35 CET.
Flavor | Version | Tinstall | Tcheck | Ttotal | Status | Flags |
---|---|---|---|---|---|---|
r-devel-linux-x86_64-debian-clang | 1.6-3 | 973.88 | 155.14 | 1129.02 | NOTE | |
r-devel-linux-x86_64-debian-gcc | 1.6-3 | 370.72 | 117.89 | 488.61 | NOTE | |
r-devel-linux-x86_64-fedora-clang | 1.6-3 | 1324.15 | NOTE | |||
r-devel-linux-x86_64-fedora-gcc | 1.6-3 | 860.69 | NOTE | |||
r-devel-windows-x86_64 | 1.6-3 | 304.00 | 232.00 | 536.00 | NOTE | |
r-patched-linux-x86_64 | 1.6-3 | 395.17 | 136.95 | 532.12 | OK | |
r-release-linux-x86_64 | 1.6-3 | 371.23 | 140.99 | 512.22 | OK | |
r-release-macos-arm64 | 1.6-3 | 267.00 | NOTE | |||
r-release-macos-x86_64 | 1.6-3 | 282.00 | NOTE | |||
r-release-windows-x86_64 | 1.6-3 | 327.00 | 216.00 | 543.00 | OK | |
r-oldrel-macos-arm64 | 1.6-3 | 211.00 | NOTE | |||
r-oldrel-macos-x86_64 | 1.6-3 | 287.00 | NOTE | |||
r-oldrel-windows-ix86+x86_64 | 1.6-3 | 846.00 | 239.00 | 1085.00 | NOTE |
Version: 1.6-3
Check: C++ specification
Result: NOTE
Specified C++11: please update to current default of C++17
Flavor: r-devel-linux-x86_64-debian-clang
Version: 1.6-3
Check: C++ specification
Result: NOTE
Specified C++11: please drop specification unless essential
Flavors: r-devel-linux-x86_64-debian-gcc, r-devel-linux-x86_64-fedora-clang, r-devel-linux-x86_64-fedora-gcc, r-devel-windows-x86_64
Version: 1.6-3
Check: installed package size
Result: NOTE
installed size is 7.6Mb
sub-directories of 1Mb or more:
libs 6.4Mb
Flavors: r-devel-linux-x86_64-fedora-clang, r-release-macos-arm64, r-release-macos-x86_64, r-oldrel-macos-arm64, r-oldrel-macos-x86_64, r-oldrel-windows-ix86+x86_64