Last updated on 2023-02-03 06:50:24 CET.
Flavor | Version | Tinstall | Tcheck | Ttotal | Status | Flags |
---|---|---|---|---|---|---|
r-devel-linux-x86_64-debian-clang | 0.0.22 | 18.55 | 437.17 | 455.72 | NOTE | |
r-devel-linux-x86_64-debian-gcc | 0.0.22 | 15.05 | 364.86 | 379.91 | NOTE | |
r-devel-linux-x86_64-fedora-clang | 0.0.22 | 623.73 | NOTE | |||
r-devel-linux-x86_64-fedora-gcc | 0.0.22 | 641.16 | NOTE | |||
r-patched-linux-x86_64 | 0.0.22 | 19.72 | 409.82 | 429.54 | NOTE | |
r-release-linux-x86_64 | 0.0.22 | 16.03 | 406.67 | 422.70 | NOTE | |
r-release-macos-arm64 | 0.0.22 | 216.00 | NOTE | |||
r-release-macos-x86_64 | 0.0.22 | 469.00 | NOTE | |||
r-release-windows-x86_64 | 0.0.22 | 143.00 | 610.00 | 753.00 | NOTE | |
r-oldrel-macos-arm64 | 0.0.22 | 189.00 | NOTE | |||
r-oldrel-macos-x86_64 | 0.0.22 | 469.00 | NOTE | |||
r-oldrel-windows-ix86+x86_64 | 0.0.22 | 36.00 | 892.00 | 928.00 | NOTE |
Version: 0.0.22
Check: package dependencies
Result: NOTE
Package suggested but not available for checking: ‘cplexAPI’
Flavors: r-devel-linux-x86_64-debian-clang, r-devel-linux-x86_64-debian-gcc, r-devel-linux-x86_64-fedora-clang, r-devel-linux-x86_64-fedora-gcc, r-patched-linux-x86_64, r-release-linux-x86_64, r-release-macos-arm64, r-release-macos-x86_64, r-release-windows-x86_64, r-oldrel-macos-arm64, r-oldrel-macos-x86_64, r-oldrel-windows-ix86+x86_64