Last updated on 2023-02-06 06:52:01 CET.
Flavor | Version | Tinstall | Tcheck | Ttotal | Status | Flags |
---|---|---|---|---|---|---|
r-devel-linux-x86_64-debian-clang | 1.0 | 12.25 | 110.93 | 123.18 | OK | |
r-devel-linux-x86_64-debian-gcc | 1.0 | 9.03 | 79.83 | 88.86 | OK | |
r-devel-linux-x86_64-fedora-clang | 1.0 | 149.82 | NOTE | |||
r-devel-linux-x86_64-fedora-gcc | 1.0 | 141.28 | NOTE | |||
r-devel-windows-x86_64 | 1.0 | 25.00 | 145.00 | 170.00 | OK | |
r-patched-linux-x86_64 | 1.0 | 11.71 | 101.51 | 113.22 | OK | |
r-release-linux-x86_64 | 1.0 | 10.92 | 104.31 | 115.23 | OK | |
r-release-macos-arm64 | 1.0 | 48.00 | NOTE | |||
r-release-macos-x86_64 | 1.0 | 58.00 | NOTE | |||
r-release-windows-x86_64 | 1.0 | 27.00 | 152.00 | 179.00 | OK | |
r-oldrel-macos-arm64 | 1.0 | 35.00 | NOTE | |||
r-oldrel-macos-x86_64 | 1.0 | 57.00 | NOTE | |||
r-oldrel-windows-ix86+x86_64 | 1.0 | 26.00 | 127.00 | 153.00 | OK |
Version: 1.0
Check: dependencies in R code
Result: NOTE
Namespace in Imports field not imported from: ‘Rdpack’
All declared Imports should be used.
Flavors: r-devel-linux-x86_64-fedora-clang, r-devel-linux-x86_64-fedora-gcc, r-release-macos-arm64, r-release-macos-x86_64, r-oldrel-macos-arm64, r-oldrel-macos-x86_64