Last updated on 2023-04-02 07:55:18 CEST.
Flavor | Version | Tinstall | Tcheck | Ttotal | Status | Flags |
---|---|---|---|---|---|---|
r-devel-linux-x86_64-debian-clang | 1.4.0 | 25.99 | 323.68 | 349.67 | OK | |
r-devel-linux-x86_64-debian-gcc | 1.4.0 | 20.96 | 240.43 | 261.39 | OK | |
r-devel-linux-x86_64-fedora-clang | 1.4.0 | 438.62 | OK | |||
r-devel-linux-x86_64-fedora-gcc | 1.4.0 | 449.12 | OK | |||
r-devel-windows-x86_64 | 1.4.0 | 41.00 | 371.00 | 412.00 | OK | |
r-patched-linux-x86_64 | 1.4.0 | 26.68 | 314.56 | 341.24 | OK | |
r-release-linux-x86_64 | 1.4.0 | 22.47 | 295.76 | 318.23 | OK | |
r-release-macos-arm64 | 1.4.0 | 133.00 | NOTE | |||
r-release-macos-x86_64 | 1.4.0 | 154.00 | NOTE | |||
r-release-windows-x86_64 | 1.4.0 | 86.00 | 375.00 | 461.00 | OK | |
r-oldrel-macos-arm64 | 1.4.0 | 126.00 | NOTE | |||
r-oldrel-macos-x86_64 | 1.4.0 | 155.00 | NOTE | |||
r-oldrel-windows-ix86+x86_64 | 1.4.0 | 46.00 | 347.00 | 393.00 | OK |
Version: 1.4.0
Check: package dependencies
Result: NOTE
Packages suggested but not available for checking:
'BSgenome.Hsapiens.NCBI.GRCh38', 'wiggleplotr'
Flavors: r-release-macos-arm64, r-release-macos-x86_64
Version: 1.4.0
Check: package dependencies
Result: NOTE
Package suggested but not available for checking: ‘wiggleplotr’
Flavors: r-oldrel-macos-arm64, r-oldrel-macos-x86_64