Last updated on 2023-02-08 06:56:30 CET.
Flavor | Version | Tinstall | Tcheck | Ttotal | Status | Flags |
---|---|---|---|---|---|---|
r-devel-linux-x86_64-debian-clang | 3.11.4 | 24.48 | 292.72 | 317.20 | OK | |
r-devel-linux-x86_64-debian-gcc | 3.11.4 | 20.20 | 209.67 | 229.87 | OK | |
r-devel-linux-x86_64-fedora-clang | 3.11.4 | 283.17 | NOTE | |||
r-devel-linux-x86_64-fedora-gcc | 3.11.4 | 412.12 | OK | |||
r-devel-windows-x86_64 | 3.11.4 | 48.00 | 397.00 | 445.00 | NOTE | |
r-patched-linux-x86_64 | 3.11.4 | 23.79 | 270.19 | 293.98 | OK | |
r-release-linux-x86_64 | 3.11.4 | 23.28 | 266.53 | 289.81 | OK | |
r-release-macos-arm64 | 3.11.4 | 88.00 | NOTE | |||
r-release-macos-x86_64 | 3.11.4 | 123.00 | NOTE | |||
r-release-windows-x86_64 | 3.11.4 | 75.00 | 404.00 | 479.00 | NOTE | |
r-oldrel-macos-arm64 | 3.11.4 | 94.00 | NOTE | |||
r-oldrel-macos-x86_64 | 3.11.4 | 127.00 | NOTE | |||
r-oldrel-windows-ix86+x86_64 | 3.11.4 | 36.00 | 316.00 | 352.00 | NOTE |
Version: 3.11.4
Check: installed package size
Result: NOTE
installed size is 5.1Mb
sub-directories of 1Mb or more:
doc 3.7Mb
Flavors: r-devel-linux-x86_64-fedora-clang, r-devel-windows-x86_64, r-release-macos-arm64, r-release-macos-x86_64, r-release-windows-x86_64, r-oldrel-macos-arm64, r-oldrel-macos-x86_64, r-oldrel-windows-ix86+x86_64