Last updated on 2023-02-05 07:57:27 CET.
Flavor | Version | Tinstall | Tcheck | Ttotal | Status | Flags |
---|---|---|---|---|---|---|
r-devel-linux-x86_64-debian-clang | 0.5.3 | 13.76 | 247.60 | 261.36 | NOTE | |
r-devel-linux-x86_64-debian-gcc | 0.5.3 | 9.96 | 175.83 | 185.79 | NOTE | |
r-devel-linux-x86_64-fedora-clang | 0.5.3 | 311.50 | NOTE | |||
r-devel-linux-x86_64-fedora-gcc | 0.5.3 | 311.63 | NOTE | |||
r-devel-windows-x86_64 | 0.5.3 | 30.00 | 268.00 | 298.00 | OK | |
r-patched-linux-x86_64 | 0.5.3 | 13.06 | 233.33 | 246.39 | NOTE | |
r-release-linux-x86_64 | 0.5.3 | 11.89 | 228.72 | 240.61 | NOTE | |
r-release-macos-arm64 | 0.5.3 | 71.00 | NOTE | |||
r-release-macos-x86_64 | 0.5.3 | 105.00 | NOTE | |||
r-release-windows-x86_64 | 0.5.3 | 27.00 | 274.00 | 301.00 | OK | |
r-oldrel-macos-arm64 | 0.5.3 | 66.00 | NOTE | |||
r-oldrel-macos-x86_64 | 0.5.3 | 104.00 | OK | |||
r-oldrel-windows-ix86+x86_64 | 0.5.3 | 25.00 | 275.00 | 300.00 | OK |
Version: 0.5.3
Check: package dependencies
Result: NOTE
Package suggested but not available for checking: ‘RGtk2’
Flavors: r-devel-linux-x86_64-debian-clang, r-devel-linux-x86_64-debian-gcc, r-devel-linux-x86_64-fedora-clang, r-devel-linux-x86_64-fedora-gcc, r-patched-linux-x86_64, r-release-linux-x86_64, r-release-macos-arm64, r-release-macos-x86_64, r-oldrel-macos-arm64
Version: 0.5.3
Check: Rd cross-references
Result: NOTE
Undeclared package ‘nparLD’ in Rd xrefs
Flavor: r-devel-linux-x86_64-fedora-clang