CRAN Package Check Results for Package M2SMF

Last updated on 2023-01-27 07:50:36 CET.

Flavor Version Tinstall Tcheck Ttotal Status Flags
r-devel-linux-x86_64-debian-clang 2.0 5.61 54.16 59.77 NOTE
r-devel-linux-x86_64-debian-gcc 2.0 4.05 39.14 43.19 NOTE
r-devel-linux-x86_64-fedora-clang 2.0 73.28 NOTE
r-devel-linux-x86_64-fedora-gcc 2.0 96.20 NOTE
r-devel-windows-x86_64 2.0 17.00 81.00 98.00 NOTE
r-patched-linux-x86_64 2.0 5.41 51.63 57.04 NOTE
r-release-linux-x86_64 2.0 4.53 51.69 56.22 NOTE
r-release-macos-arm64 2.0 28.00 NOTE
r-release-macos-x86_64 2.0 45.00 NOTE
r-release-windows-x86_64 2.0 10.00 84.00 94.00 NOTE
r-oldrel-macos-arm64 2.0 33.00 NOTE
r-oldrel-macos-x86_64 2.0 37.00 NOTE
r-oldrel-windows-ix86+x86_64 2.0 15.00 87.00 102.00 NOTE

Check Details

Version: 2.0
Check: LazyData
Result: NOTE
     'LazyData' is specified without a 'data' directory
Flavors: r-devel-linux-x86_64-debian-clang, r-devel-linux-x86_64-debian-gcc, r-devel-linux-x86_64-fedora-clang, r-devel-linux-x86_64-fedora-gcc, r-devel-windows-x86_64, r-patched-linux-x86_64, r-release-linux-x86_64, r-release-macos-arm64, r-release-macos-x86_64, r-release-windows-x86_64, r-oldrel-macos-arm64, r-oldrel-macos-x86_64, r-oldrel-windows-ix86+x86_64