Last updated on 2023-03-31 07:53:30 CEST.
Flavor | Version | Tinstall | Tcheck | Ttotal | Status | Flags |
---|---|---|---|---|---|---|
r-devel-linux-x86_64-debian-clang | 1.0.5 | 3.66 | 20.44 | 24.10 | WARN | |
r-devel-linux-x86_64-debian-gcc | 1.0.5 | 2.49 | 16.51 | 19.00 | WARN | |
r-devel-linux-x86_64-fedora-clang | 1.0.5 | 32.30 | WARN | |||
r-devel-linux-x86_64-fedora-gcc | 1.0.5 | 30.67 | WARN | |||
r-devel-windows-x86_64 | 1.0.5 | 13.00 | 58.00 | 71.00 | OK | |
r-patched-linux-x86_64 | 1.0.5 | 2.89 | 20.43 | 23.32 | WARN | |
r-release-linux-x86_64 | 1.0.5 | 2.81 | 20.83 | 23.64 | OK | |
r-release-macos-arm64 | 1.0.5 | 15.00 | OK | |||
r-release-macos-x86_64 | 1.0.5 | 24.00 | OK | |||
r-release-windows-x86_64 | 1.0.5 | 16.00 | 43.00 | 59.00 | OK | |
r-oldrel-macos-arm64 | 1.0.5 | 16.00 | OK | |||
r-oldrel-macos-x86_64 | 1.0.5 | 23.00 | OK | |||
r-oldrel-windows-ix86+x86_64 | 1.0.5 | 12.00 | 43.00 | 55.00 | OK |
Version: 1.0.5
Check: whether package can be installed
Result: WARN
Found the following significant warnings:
LowRankQP.c:278:16: warning: a function declaration without a prototype is deprecated in all versions of C [-Wstrict-prototypes]
LowRankQP_init.c:29:23: warning: a function declaration without a prototype is deprecated in all versions of C [-Wstrict-prototypes]
See ‘/home/hornik/tmp/R.check/r-devel-clang/Work/PKGS/LowRankQP.Rcheck/00install.out’ for details.
* used C compiler: ‘Debian clang version 15.0.6’
Flavor: r-devel-linux-x86_64-debian-clang
Version: 1.0.5
Check: whether package can be installed
Result: WARN
Found the following significant warnings:
LowRankQP.c:278:6: warning: function declaration isn’t a prototype [-Wstrict-prototypes]
LowRankQP_init.c:29:1: warning: function declaration isn’t a prototype [-Wstrict-prototypes]
See ‘/home/hornik/tmp/R.check/r-devel-gcc/Work/PKGS/LowRankQP.Rcheck/00install.out’ for details.
* used C compiler: ‘gcc-12 (Debian 12.2.0-14) 12.2.0’
Flavor: r-devel-linux-x86_64-debian-gcc
Version: 1.0.5
Check: whether package can be installed
Result: WARN
Found the following significant warnings:
LowRankQP.c:278:16: warning: a function declaration without a prototype is deprecated in all versions of C [-Wstrict-prototypes]
LowRankQP_init.c:29:23: warning: a function declaration without a prototype is deprecated in all versions of C [-Wstrict-prototypes]
See ‘/data/gannet/ripley/R/packages/tests-clang/LowRankQP.Rcheck/00install.out’ for details.
* used C compiler: ‘clang version 16.0.0’
Flavor: r-devel-linux-x86_64-fedora-clang
Version: 1.0.5
Check: whether package can be installed
Result: WARN
Found the following significant warnings:
LowRankQP.c:278:6: warning: function declaration isn’t a prototype [-Wstrict-prototypes]
LowRankQP_init.c:29:1: warning: function declaration isn’t a prototype [-Wstrict-prototypes]
See ‘/data/gannet/ripley/R/packages/tests-devel/LowRankQP.Rcheck/00install.out’ for details.
* used C compiler: ‘gcc (GCC) 12.2.1 20221121 (Red Hat 12.2.1-4)’
Flavor: r-devel-linux-x86_64-fedora-gcc
Version: 1.0.5
Check: whether package can be installed
Result: WARN
Found the following significant warnings:
LowRankQP.c:278:6: warning: function declaration isn’t a prototype [-Wstrict-prototypes]
LowRankQP_init.c:29:1: warning: function declaration isn’t a prototype [-Wstrict-prototypes]
See ‘/home/hornik/tmp/R.check/r-patched-gcc/Work/PKGS/LowRankQP.Rcheck/00install.out’ for details.
* used C compiler: ‘gcc-11 (Debian 11.3.0-12) 11.3.0’
Flavor: r-patched-linux-x86_64