Last updated on 2023-01-26 06:53:00 CET.
Flavor | Version | Tinstall | Tcheck | Ttotal | Status | Flags |
---|---|---|---|---|---|---|
r-devel-linux-x86_64-debian-clang | 1.2-6 | 5.08 | 44.00 | 49.08 | NOTE | |
r-devel-linux-x86_64-debian-gcc | 1.2-6 | 5.28 | 33.86 | 39.14 | NOTE | |
r-devel-linux-x86_64-fedora-clang | 1.2-6 | 62.63 | NOTE | |||
r-devel-linux-x86_64-fedora-gcc | 1.2-6 | 75.95 | NOTE | |||
r-devel-windows-x86_64 | 1.2-6 | 16.00 | 74.00 | 90.00 | OK | |
r-patched-linux-x86_64 | 1.2-6 | 7.71 | 44.13 | 51.84 | NOTE | |
r-release-linux-x86_64 | 1.2-6 | 5.60 | 43.53 | 49.13 | NOTE | |
r-release-macos-arm64 | 1.2-6 | 19.00 | OK | |||
r-release-macos-x86_64 | 1.2-6 | 28.00 | OK | |||
r-release-windows-x86_64 | 1.2-6 | 19.00 | 69.00 | 88.00 | OK | |
r-oldrel-macos-arm64 | 1.2-6 | 21.00 | OK | |||
r-oldrel-macos-x86_64 | 1.2-6 | 41.00 | OK | |||
r-oldrel-windows-ix86+x86_64 | 1.2-6 | 12.00 | 65.00 | 77.00 | OK |
Version: 1.2-6
Check: for non-standard things in the check directory
Result: NOTE
Found the following files/directories:
‘Model_1.cm’ ‘dambacher.dot’ ‘levins.dot’
Flavors: r-devel-linux-x86_64-debian-clang, r-devel-linux-x86_64-debian-gcc, r-devel-linux-x86_64-fedora-clang, r-devel-linux-x86_64-fedora-gcc, r-patched-linux-x86_64, r-release-linux-x86_64