Last updated on 2023-01-27 07:50:36 CET.
Flavor | Version | Tinstall | Tcheck | Ttotal | Status | Flags |
---|---|---|---|---|---|---|
r-devel-linux-x86_64-debian-clang | 1.1 | 6.25 | 52.79 | 59.04 | NOTE | |
r-devel-linux-x86_64-debian-gcc | 1.1 | 4.02 | 40.56 | 44.58 | NOTE | |
r-devel-linux-x86_64-fedora-clang | 1.1 | 74.10 | NOTE | |||
r-devel-linux-x86_64-fedora-gcc | 1.1 | 99.01 | NOTE | |||
r-devel-windows-x86_64 | 1.1 | 13.00 | 98.00 | 111.00 | OK | |
r-patched-linux-x86_64 | 1.1 | 5.19 | 52.49 | 57.68 | NOTE | |
r-release-linux-x86_64 | 1.1 | 5.15 | 53.02 | 58.17 | NOTE | |
r-release-macos-arm64 | 1.1 | 31.00 | NOTE | |||
r-release-macos-x86_64 | 1.1 | 38.00 | OK | |||
r-release-windows-x86_64 | 1.1 | 17.00 | 116.00 | 133.00 | OK | |
r-oldrel-macos-arm64 | 1.1 | 35.00 | OK | |||
r-oldrel-macos-x86_64 | 1.1 | 60.00 | OK | |||
r-oldrel-windows-ix86+x86_64 | 1.1 | 12.00 | 83.00 | 95.00 | OK |
Version: 1.1
Check: for non-standard things in the check directory
Result: NOTE
Found the following files/directories:
‘tTestTable.rda’
Flavors: r-devel-linux-x86_64-debian-clang, r-devel-linux-x86_64-debian-gcc, r-devel-linux-x86_64-fedora-clang, r-devel-linux-x86_64-fedora-gcc, r-patched-linux-x86_64, r-release-linux-x86_64
Version: 1.1
Check: package dependencies
Result: NOTE
Package suggested but not available for checking: ‘graph’
Flavor: r-release-macos-arm64