CRAN Package Check Results for Package LncPath

Last updated on 2024-02-23 07:52:12 CET.

Flavor Version Tinstall Tcheck Ttotal Status Flags
r-devel-linux-x86_64-debian-clang 1.1 NOTE
r-devel-linux-x86_64-debian-gcc 1.1 5.01 39.08 44.09 NOTE
r-devel-linux-x86_64-fedora-clang 1.1 71.23 NOTE
r-devel-linux-x86_64-fedora-gcc 1.1 80.34 NOTE
r-devel-windows-x86_64 1.1 6.00 73.00 79.00 OK
r-patched-linux-x86_64 1.1 6.96 49.62 56.58 NOTE
r-release-linux-x86_64 1.1 5.42 49.04 54.46 NOTE
r-release-macos-arm64 1.1 35.00 OK
r-release-macos-x86_64 1.1 50.00 NOTE
r-release-windows-x86_64 1.1 8.00 77.00 85.00 OK
r-oldrel-macos-arm64 1.1 31.00 OK
r-oldrel-windows-x86_64 1.1 8.00 85.00 93.00 OK

Check Details

Version: 1.1
Check: for non-standard things in the check directory
Result: NOTE Found the following files/directories: ‘tTestTable.rda’ Flavors: r-devel-linux-x86_64-debian-clang, r-devel-linux-x86_64-debian-gcc, r-devel-linux-x86_64-fedora-clang, r-devel-linux-x86_64-fedora-gcc, r-patched-linux-x86_64, r-release-linux-x86_64

Version: 1.1
Check: package dependencies
Result: NOTE Package suggested but not available for checking: ‘graph’ Flavor: r-release-macos-x86_64