CRAN Package Check Results for Package LearnClust

Last updated on 2024-04-18 07:58:19 CEST.

Flavor Version Tinstall Tcheck Ttotal Status Flags
r-devel-linux-x86_64-debian-clang 1.1 4.39 61.87 66.26 NOTE
r-devel-linux-x86_64-debian-gcc 1.1 4.48 45.08 49.56 NOTE
r-devel-linux-x86_64-fedora-clang 1.1 87.47 NOTE
r-devel-linux-x86_64-fedora-gcc 1.1 86.94 NOTE
r-prerel-macos-arm64 1.1 29.00 NOTE
r-prerel-windows-x86_64 1.1 5.00 76.00 81.00 NOTE
r-patched-linux-x86_64 1.1 6.18 58.27 64.45 NOTE
r-release-linux-x86_64 1.1 4.28 56.09 60.37 NOTE
r-release-macos-arm64 1.1 30.00 NOTE
r-release-macos-x86_64 1.1 49.00 NOTE
r-release-windows-x86_64 1.1 8.00 84.00 92.00 NOTE
r-oldrel-macos-arm64 1.1 29.00 NOTE
r-oldrel-windows-x86_64 1.1 8.00 78.00 86.00 NOTE

Check Details

Version: 1.1
Check: Rd files
Result: NOTE checkRd: (-1) clusterDistance.Rd:28-29: Lost braces 28 | \code{approach} indicates the algorithm used to get the value. \code{distance} indicates the distance used to get the value. Possible values: {\code{'MAX'}, | ^ checkRd: (-1) clusterDistance.details.Rd:28-29: Lost braces 28 | \code{approach} indicates the algorithm used to get the value. \code{distance} indicates the distance used to get the value. Possible values: {\code{'MAX'}, | ^ checkRd: (-1) clusterDistanceByApproach.Rd:24-25: Lost braces 24 | \code{approach} indicates the algorithm used to get the value. Possible values: {\code{'MAX'}, | ^ checkRd: (-1) clusterDistanceByApproach.details.Rd:24-25: Lost braces 24 | \code{approach} indicates the algorithm used to get the value. Possible values: {\code{'MAX'}, | ^ Flavors: r-devel-linux-x86_64-debian-clang, r-devel-linux-x86_64-debian-gcc, r-devel-linux-x86_64-fedora-clang, r-devel-linux-x86_64-fedora-gcc, r-prerel-macos-arm64, r-prerel-windows-x86_64, r-patched-linux-x86_64

Version: 1.1
Check: LazyData
Result: NOTE 'LazyData' is specified without a 'data' directory Flavors: r-devel-linux-x86_64-debian-clang, r-devel-linux-x86_64-debian-gcc, r-devel-linux-x86_64-fedora-clang, r-devel-linux-x86_64-fedora-gcc, r-prerel-macos-arm64, r-prerel-windows-x86_64, r-patched-linux-x86_64, r-release-linux-x86_64, r-release-macos-arm64, r-release-macos-x86_64, r-release-windows-x86_64, r-oldrel-macos-arm64, r-oldrel-windows-x86_64