Last updated on 2023-02-08 06:56:29 CET.
Flavor | Version | Tinstall | Tcheck | Ttotal | Status | Flags |
---|---|---|---|---|---|---|
r-devel-linux-x86_64-debian-clang | 1.3.0 | 22.04 | 146.27 | 168.31 | OK | |
r-devel-linux-x86_64-debian-gcc | 1.3.0 | 19.27 | 103.63 | 122.90 | OK | |
r-devel-linux-x86_64-fedora-clang | 1.3.0 | 213.52 | NOTE | |||
r-devel-linux-x86_64-fedora-gcc | 1.3.0 | 207.77 | NOTE | |||
r-devel-windows-x86_64 | 1.3.0 | 35.00 | 159.00 | 194.00 | OK | |
r-patched-linux-x86_64 | 1.3.0 | 16.49 | 135.15 | 151.64 | OK | |
r-release-linux-x86_64 | 1.3.0 | 18.60 | 130.92 | 149.52 | OK | |
r-release-macos-arm64 | 1.3.0 | 71.00 | NOTE | |||
r-release-macos-x86_64 | 1.3.0 | 78.00 | NOTE | |||
r-release-windows-x86_64 | 1.3.0 | 43.00 | 171.00 | 214.00 | OK | |
r-oldrel-macos-arm64 | 1.3.0 | 69.00 | NOTE | |||
r-oldrel-macos-x86_64 | 1.3.0 | 84.00 | NOTE | |||
r-oldrel-windows-ix86+x86_64 | 1.3.0 | 44.00 | 158.00 | 202.00 | OK |
Version: 1.3.0
Check: data for non-ASCII characters
Result: NOTE
Note: found 1 marked UTF-8 string
Flavors: r-devel-linux-x86_64-fedora-clang, r-devel-linux-x86_64-fedora-gcc, r-release-macos-arm64, r-release-macos-x86_64, r-oldrel-macos-arm64, r-oldrel-macos-x86_64