Last updated on 2023-05-30 08:02:22 CEST.
Flavor | Version | Tinstall | Tcheck | Ttotal | Status | Flags |
---|---|---|---|---|---|---|
r-devel-linux-x86_64-debian-clang | 1.4.7 | 4.96 | 66.20 | 71.16 | NOTE | |
r-devel-linux-x86_64-debian-gcc | 1.4.7 | 3.41 | 50.97 | 54.38 | NOTE | |
r-devel-linux-x86_64-fedora-clang | 1.4.7 | 89.68 | NOTE | |||
r-devel-linux-x86_64-fedora-gcc | 1.4.7 | 103.62 | NOTE | |||
r-devel-windows-x86_64 | 1.4.7 | 6.00 | 126.00 | 132.00 | NOTE | |
r-patched-linux-x86_64 | 1.4.7 | 4.35 | 64.35 | 68.70 | NOTE | |
r-release-linux-x86_64 | 1.4.7 | 4.31 | 63.91 | 68.22 | NOTE | |
r-release-macos-arm64 | 1.4.7 | 43.00 | NOTE | |||
r-release-macos-x86_64 | 1.4.7 | 66.00 | NOTE | |||
r-release-windows-x86_64 | 1.4.7 | 6.00 | 122.00 | 128.00 | NOTE | |
r-oldrel-macos-arm64 | 1.4.7 | 38.00 | OK | |||
r-oldrel-macos-x86_64 | 1.4.7 | 53.00 | OK | |||
r-oldrel-windows-x86_64 | 1.4.7 | 7.00 | 123.00 | 130.00 | OK |
Version: 1.4.7
Check: Rd files
Result: NOTE
checkRd: (-1) LIMEcoli.Rd:125: Escaped LaTeX specials: \_
checkRd: (-1) Read.Rd:88: Escaped LaTeX specials: \#
checkRd: (-1) Read.Rd:92: Escaped LaTeX specials: \#
checkRd: (-1) Read.Rd:98: Escaped LaTeX specials: \#
checkRd: (-1) Read.Rd:104: Escaped LaTeX specials: \#
checkRd: (-1) Read.Rd:105: Escaped LaTeX specials: \# \#
checkRd: (-1) Read.Rd:106: Escaped LaTeX specials: \# \#
checkRd: (-1) Read.Rd:107: Escaped LaTeX specials: \#
checkRd: (-1) Read.Rd:108: Escaped LaTeX specials: \#
checkRd: (-1) Read.Rd:109: Escaped LaTeX specials: \#
checkRd: (-1) Read.Rd:110: Escaped LaTeX specials: \#
checkRd: (-1) Read.Rd:111: Escaped LaTeX specials: \# \#
checkRd: (-1) Read.Rd:112: Escaped LaTeX specials: \# \#
checkRd: (-1) Read.Rd:113: Escaped LaTeX specials: \#
checkRd: (-1) Read.Rd:114: Escaped LaTeX specials: \# \#
Flavors: r-devel-linux-x86_64-debian-clang, r-devel-linux-x86_64-debian-gcc, r-devel-linux-x86_64-fedora-clang, r-devel-linux-x86_64-fedora-gcc, r-devel-windows-x86_64, r-patched-linux-x86_64, r-release-linux-x86_64, r-release-macos-arm64, r-release-macos-x86_64, r-release-windows-x86_64