Last updated on 2023-05-30 08:02:22 CEST.
Flavor | Version | Tinstall | Tcheck | Ttotal | Status | Flags |
---|---|---|---|---|---|---|
r-devel-linux-x86_64-debian-clang | 1.3.3 | 5.00 | 97.91 | 102.91 | NOTE | |
r-devel-linux-x86_64-debian-gcc | 1.3.3 | 4.42 | 69.41 | 73.83 | NOTE | |
r-devel-linux-x86_64-fedora-clang | 1.3.3 | 125.08 | NOTE | |||
r-devel-linux-x86_64-fedora-gcc | 1.3.3 | 139.81 | NOTE | |||
r-devel-windows-x86_64 | 1.3.3 | 6.00 | 86.00 | 92.00 | NOTE | |
r-patched-linux-x86_64 | 1.3.3 | 6.37 | 93.08 | 99.45 | NOTE | |
r-release-linux-x86_64 | 1.3.3 | 5.42 | 94.75 | 100.17 | NOTE | |
r-release-macos-arm64 | 1.3.3 | 45.00 | NOTE | |||
r-release-macos-x86_64 | 1.3.3 | 75.00 | NOTE | |||
r-release-windows-x86_64 | 1.3.3 | 6.00 | 96.00 | 102.00 | NOTE | |
r-oldrel-macos-arm64 | 1.3.3 | 42.00 | OK | |||
r-oldrel-macos-x86_64 | 1.3.3 | 43.00 | OK | |||
r-oldrel-windows-x86_64 | 1.3.3 | 8.00 | 100.00 | 108.00 | OK |
Version: 1.3.3
Check: package subdirectories
Result: NOTE
Problems with news in ‘NEWS.md’:
No news entries found.
Flavors: r-devel-linux-x86_64-debian-clang, r-devel-linux-x86_64-debian-gcc, r-devel-linux-x86_64-fedora-clang, r-devel-linux-x86_64-fedora-gcc, r-devel-windows-x86_64, r-patched-linux-x86_64, r-release-linux-x86_64, r-release-macos-arm64, r-release-macos-x86_64, r-release-windows-x86_64