CRAN Package Check Results for Package LHD

Last updated on 2024-06-15 07:49:16 CEST.

Flavor Version Tinstall Tcheck Ttotal Status Flags
r-devel-linux-x86_64-debian-clang 1.3.3 5.99 103.22 109.21 NOTE
r-devel-linux-x86_64-debian-gcc 1.3.3 5.08 69.11 74.19 NOTE
r-devel-linux-x86_64-fedora-clang 1.3.3 128.87 NOTE
r-devel-linux-x86_64-fedora-gcc 1.3.3 133.01 NOTE
r-devel-windows-x86_64 1.3.3 5.00 86.00 91.00 NOTE
r-patched-linux-x86_64 1.3.3 5.61 95.14 100.75 NOTE
r-release-linux-x86_64 1.3.3 6.16 96.71 102.87 NOTE
r-release-macos-arm64 1.3.3 42.00 NOTE
r-release-macos-x86_64 1.3.3 60.00 NOTE
r-release-windows-x86_64 1.3.3 5.00 86.00 91.00 NOTE
r-oldrel-macos-arm64 1.3.3 45.00 NOTE
r-oldrel-macos-x86_64 1.3.3 75.00 NOTE
r-oldrel-windows-x86_64 1.3.3 5.00 99.00 104.00 NOTE

Check Details

Version: 1.3.3
Check: package subdirectories
Result: NOTE Problems with news in ‘NEWS.md’: No news entries found. Flavors: r-devel-linux-x86_64-debian-clang, r-devel-linux-x86_64-debian-gcc, r-devel-linux-x86_64-fedora-clang, r-devel-linux-x86_64-fedora-gcc, r-devel-windows-x86_64, r-patched-linux-x86_64, r-release-linux-x86_64, r-release-macos-arm64, r-release-macos-x86_64, r-release-windows-x86_64, r-oldrel-macos-arm64, r-oldrel-macos-x86_64, r-oldrel-windows-x86_64

Version: 1.3.3
Check: Rd files
Result: NOTE checkRd: (-1) dij.Rd:12: Lost braces; missing escapes or markup? 12 | \item{i}{A positive integer, which stands for the i^{th} row of \code{X}.} | ^ checkRd: (-1) dij.Rd:14: Lost braces; missing escapes or markup? 14 | \item{j}{A positive integer, which stands for the j^{th} row of \code{X}. Both \code{i} and \code{j} should be in [1,nrow(X)] and they should not be equal to each other.} | ^ checkRd: (-1) exchange.Rd:12: Lost braces; missing escapes or markup? 12 | \item{j}{A positive integer, which stands for the j^{th} column (or row) of \code{X}, and it should be within [1,ncol(X)] (or [1,nrow(X)]).} | ^ Flavors: r-devel-linux-x86_64-debian-clang, r-devel-linux-x86_64-debian-gcc, r-devel-linux-x86_64-fedora-clang, r-devel-linux-x86_64-fedora-gcc, r-devel-windows-x86_64, r-patched-linux-x86_64, r-release-linux-x86_64, r-release-macos-arm64, r-release-macos-x86_64, r-release-windows-x86_64