Last updated on 2023-06-08 06:57:16 CEST.
Flavor | Version | Tinstall | Tcheck | Ttotal | Status | Flags |
---|---|---|---|---|---|---|
r-devel-linux-x86_64-debian-clang | 2.2 | 42.77 | 28.26 | 71.03 | NOTE | |
r-devel-linux-x86_64-debian-gcc | 2.2 | 32.25 | 22.42 | 54.67 | NOTE | |
r-devel-linux-x86_64-fedora-clang | 2.2 | 98.34 | NOTE | |||
r-devel-linux-x86_64-fedora-gcc | 2.2 | 98.91 | NOTE | |||
r-devel-windows-x86_64 | 2.2 | 31.00 | 63.00 | 94.00 | NOTE | |
r-patched-linux-x86_64 | 2.2 | 28.49 | 27.88 | 56.37 | NOTE | |
r-release-linux-x86_64 | 2.2 | 29.46 | 27.77 | 57.23 | NOTE | |
r-release-macos-arm64 | 2.2 | 31.00 | NOTE | |||
r-release-macos-x86_64 | 2.2 | 48.00 | NOTE | |||
r-release-windows-x86_64 | 2.2 | 39.00 | 72.00 | 111.00 | NOTE | |
r-oldrel-macos-arm64 | 2.2 | 29.00 | OK | |||
r-oldrel-macos-x86_64 | 2.2 | 38.00 | OK | |||
r-oldrel-windows-x86_64 | 2.2 | 38.00 | 70.00 | 108.00 | OK |
Version: 2.2
Check: C++ specification
Result: NOTE
Specified C++11: please drop specification unless essential
Flavors: r-devel-linux-x86_64-debian-clang, r-devel-linux-x86_64-debian-gcc, r-devel-linux-x86_64-fedora-clang, r-devel-linux-x86_64-fedora-gcc, r-devel-windows-x86_64, r-patched-linux-x86_64, r-release-linux-x86_64, r-release-macos-arm64, r-release-macos-x86_64, r-release-windows-x86_64