Last updated on 2023-01-29 07:56:07 CET.
Flavor | Version | Tinstall | Tcheck | Ttotal | Status | Flags |
---|---|---|---|---|---|---|
r-devel-linux-x86_64-debian-clang | 2.0 | 11.58 | 159.55 | 171.13 | OK | |
r-devel-linux-x86_64-debian-gcc | 2.0 | 10.18 | 117.21 | 127.39 | OK | |
r-devel-linux-x86_64-fedora-clang | 2.0 | 202.90 | NOTE | |||
r-devel-linux-x86_64-fedora-gcc | 2.0 | 233.57 | NOTE | |||
r-devel-windows-x86_64 | 2.0 | 15.00 | 236.00 | 251.00 | OK | |
r-patched-linux-x86_64 | 2.0 | 11.56 | 149.52 | 161.08 | OK | |
r-release-linux-x86_64 | 2.0 | 11.30 | 149.74 | 161.04 | OK | |
r-release-macos-arm64 | 2.0 | 62.00 | NOTE | |||
r-release-macos-x86_64 | 2.0 | 81.00 | NOTE | |||
r-release-windows-x86_64 | 2.0 | 32.00 | 219.00 | 251.00 | OK | |
r-oldrel-macos-arm64 | 2.0 | 52.00 | NOTE | |||
r-oldrel-macos-x86_64 | 2.0 | 82.00 | NOTE | |||
r-oldrel-windows-ix86+x86_64 | 2.0 | 24.00 | 186.00 | 210.00 | OK |
Version: 2.0
Check: dependencies in R code
Result: NOTE
Namespace in Imports field not imported from: ‘robustbase’
All declared Imports should be used.
Flavors: r-devel-linux-x86_64-fedora-clang, r-devel-linux-x86_64-fedora-gcc, r-release-macos-arm64, r-release-macos-x86_64, r-oldrel-macos-arm64, r-oldrel-macos-x86_64