Last updated on 2023-02-04 08:01:19 CET.
Flavor | Version | Tinstall | Tcheck | Ttotal | Status | Flags |
---|---|---|---|---|---|---|
r-devel-linux-x86_64-debian-clang | 1.0.1 | 48.03 | 116.27 | 164.30 | OK | |
r-devel-linux-x86_64-debian-gcc | 1.0.1 | 34.47 | 82.57 | 117.04 | OK | |
r-devel-linux-x86_64-fedora-clang | 1.0.1 | 197.06 | OK | |||
r-devel-linux-x86_64-fedora-gcc | 1.0.1 | 197.57 | OK | |||
r-devel-windows-x86_64 | 1.0.1 | 59.00 | 155.00 | 214.00 | OK | |
r-patched-linux-x86_64 | 1.0.1 | 30.85 | 105.86 | 136.71 | OK | |
r-release-linux-x86_64 | 1.0.1 | 30.67 | 110.19 | 140.86 | OK | |
r-release-macos-arm64 | 1.0.1 | 47.00 | OK | |||
r-release-macos-x86_64 | 1.0.1 | 67.00 | OK | |||
r-release-windows-x86_64 | 1.0.1 | 40.00 | 162.00 | 202.00 | OK | |
r-oldrel-macos-arm64 | 1.0.1 | 58.00 | NOTE | |||
r-oldrel-macos-x86_64 | 1.0.1 | 64.00 | OK | |||
r-oldrel-windows-ix86+x86_64 | 1.0.1 | 93.00 | 200.00 | 293.00 | OK |
Version: 1.0.1
Check: installed package size
Result: NOTE
installed size is 5.1Mb
sub-directories of 1Mb or more:
libs 5.0Mb
Flavor: r-oldrel-macos-arm64