CRAN Package Check Results for Package KraljicMatrix

Last updated on 2024-02-26 08:48:48 CET.

Flavor Version Tinstall Tcheck Ttotal Status Flags
r-devel-linux-x86_64-debian-clang 0.2.1 5.11 61.52 66.63 OK
r-devel-linux-x86_64-debian-gcc 0.2.1 4.42 46.29 50.71 OK
r-devel-linux-x86_64-fedora-clang 0.2.1 81.60 NOTE
r-devel-linux-x86_64-fedora-gcc 0.2.1 90.01 NOTE
r-devel-windows-x86_64 0.2.1 7.00 70.00 77.00 OK
r-patched-linux-x86_64 0.2.1 5.71 58.16 63.87 OK
r-release-linux-x86_64 0.2.1 6.15 58.08 64.23 OK
r-release-macos-arm64 0.2.1 40.00 OK
r-release-macos-x86_64 0.2.1 59.00 OK
r-release-windows-x86_64 0.2.1 9.00 78.00 87.00 OK
r-oldrel-macos-arm64 0.2.1 27.00 NOTE
r-oldrel-windows-x86_64 0.2.1 8.00 82.00 90.00 OK

Check Details

Version: 0.2.1
Check: dependencies in R code
Result: NOTE Namespaces in Imports field not imported from: ‘dplyr’ ‘tibble’ All declared Imports should be used. Flavors: r-devel-linux-x86_64-fedora-clang, r-devel-linux-x86_64-fedora-gcc, r-oldrel-macos-arm64