Last updated on 2023-01-28 07:14:58 CET.
Flavor | Version | Tinstall | Tcheck | Ttotal | Status | Flags |
---|---|---|---|---|---|---|
r-devel-linux-x86_64-debian-clang | 1.1.5 | 39.55 | 91.65 | 131.20 | OK | |
r-devel-linux-x86_64-debian-gcc | 1.1.5 | 30.34 | 65.30 | 95.64 | NOTE | |
r-devel-linux-x86_64-fedora-clang | 1.1.5 | 166.55 | OK | |||
r-devel-linux-x86_64-fedora-gcc | 1.1.5 | 167.64 | NOTE | |||
r-devel-windows-x86_64 | 1.1.5 | 52.00 | 141.00 | 193.00 | OK | |
r-patched-linux-x86_64 | 1.1.5 | 29.14 | 84.62 | 113.76 | OK | |
r-release-linux-x86_64 | 1.1.5 | 34.24 | 83.66 | 117.90 | OK | |
r-release-macos-arm64 | 1.1.5 | 45.00 | OK | |||
r-release-macos-x86_64 | 1.1.5 | 64.00 | OK | |||
r-release-windows-x86_64 | 1.1.5 | 49.00 | 152.00 | 201.00 | OK | |
r-oldrel-macos-arm64 | 1.1.5 | 51.00 | OK | |||
r-oldrel-macos-x86_64 | 1.1.5 | 68.00 | OK | |||
r-oldrel-windows-ix86+x86_64 | 1.1.5 | 90.00 | 198.00 | 288.00 | OK |
Version: 1.1.5
Check: C++ specification
Result: NOTE
Specified C++11: please update to current default of C++17
Flavors: r-devel-linux-x86_64-debian-gcc, r-devel-linux-x86_64-fedora-gcc