Last updated on 2023-03-25 07:02:23 CET.
Flavor | Version | Tinstall | Tcheck | Ttotal | Status | Flags |
---|---|---|---|---|---|---|
r-devel-linux-x86_64-debian-clang | 1.0.0 | 2.63 | 35.86 | 38.49 | OK | |
r-devel-linux-x86_64-debian-gcc | 1.0.0 | 1.98 | 27.81 | 29.79 | OK | |
r-devel-linux-x86_64-fedora-clang | 1.0.0 | 49.41 | NOTE | |||
r-devel-linux-x86_64-fedora-gcc | 1.0.0 | 49.13 | NOTE | |||
r-devel-windows-x86_64 | 1.0.0 | 14.00 | 68.00 | 82.00 | OK | |
r-patched-linux-x86_64 | 1.0.0 | 2.08 | 35.53 | 37.61 | OK | |
r-release-linux-x86_64 | 1.0.0 | 3.06 | 35.03 | 38.09 | OK | |
r-release-macos-arm64 | 1.0.0 | 23.00 | NOTE | |||
r-release-macos-x86_64 | 1.0.0 | 30.00 | NOTE | |||
r-release-windows-x86_64 | 1.0.0 | 8.00 | 68.00 | 76.00 | OK | |
r-oldrel-macos-arm64 | 1.0.0 | 23.00 | NOTE | |||
r-oldrel-macos-x86_64 | 1.0.0 | 33.00 | NOTE | |||
r-oldrel-windows-ix86+x86_64 | 1.0.0 | 7.00 | 64.00 | 71.00 | OK |
Version: 1.0.0
Check: dependencies in R code
Result: NOTE
Namespace in Imports field not imported from: ‘base’
All declared Imports should be used.
Flavors: r-devel-linux-x86_64-fedora-clang, r-devel-linux-x86_64-fedora-gcc, r-release-macos-arm64, r-release-macos-x86_64, r-oldrel-macos-arm64, r-oldrel-macos-x86_64