CRAN Package Check Results for Package Kcop

Last updated on 2023-11-30 07:52:38 CET.

Flavor Version Tinstall Tcheck Ttotal Status Flags
r-devel-linux-x86_64-debian-clang 1.0.0 2.78 35.40 38.18 OK
r-devel-linux-x86_64-debian-gcc 1.0.0 2.32 26.87 29.19 OK
r-devel-linux-x86_64-fedora-clang 1.0.0 47.47 NOTE
r-devel-linux-x86_64-fedora-gcc 1.0.0 47.93 NOTE
r-devel-windows-x86_64 1.0.0 3.00 54.00 57.00 OK
r-patched-linux-x86_64 1.0.0 2.33 34.68 37.01 OK
r-release-linux-x86_64 1.0.0 2.70 34.15 36.85 OK
r-release-macos-arm64 1.0.0 22.00 OK
r-release-macos-x86_64 1.0.0 26.00 OK
r-release-windows-x86_64 1.0.0 5.00 56.00 61.00 OK
r-oldrel-macos-arm64 1.0.0 23.00 NOTE
r-oldrel-macos-x86_64 1.0.0 30.00 NOTE
r-oldrel-windows-x86_64 1.0.0 5.00 55.00 60.00 OK

Check Details

Version: 1.0.0
Check: dependencies in R code
Result: NOTE Namespace in Imports field not imported from: ‘base’ All declared Imports should be used. Flavors: r-devel-linux-x86_64-fedora-clang, r-devel-linux-x86_64-fedora-gcc, r-oldrel-macos-arm64, r-oldrel-macos-x86_64