Last updated on 2023-02-05 07:57:26 CET.
Flavor | Version | Tinstall | Tcheck | Ttotal | Status | Flags |
---|---|---|---|---|---|---|
r-devel-linux-x86_64-debian-clang | 2.4 | 74.76 | 101.71 | 176.47 | OK | |
r-devel-linux-x86_64-debian-gcc | 2.4 | 59.78 | 75.48 | 135.26 | OK | |
r-devel-linux-x86_64-fedora-clang | 2.4 | 240.02 | OK | |||
r-devel-linux-x86_64-fedora-gcc | 2.4 | 232.76 | OK | |||
r-devel-windows-x86_64 | 2.4 | 79.00 | 162.00 | 241.00 | OK | |
r-patched-linux-x86_64 | 2.4 | 51.98 | 93.87 | 145.85 | OK | |
r-release-linux-x86_64 | 2.4 | 57.37 | 96.61 | 153.98 | OK | |
r-release-macos-arm64 | 2.4 | 64.00 | NOTE | |||
r-release-macos-x86_64 | 2.4 | 84.00 | NOTE | |||
r-release-windows-x86_64 | 2.4 | 73.00 | 166.00 | 239.00 | OK | |
r-oldrel-macos-arm64 | 2.4 | 61.00 | NOTE | |||
r-oldrel-macos-x86_64 | 2.4 | 85.00 | NOTE | |||
r-oldrel-windows-ix86+x86_64 | 2.4 | 159.00 | 179.00 | 338.00 | NOTE |
Version: 2.4
Check: installed package size
Result: NOTE
installed size is 6.9Mb
sub-directories of 1Mb or more:
data 1.6Mb
libs 4.1Mb
Flavors: r-release-macos-arm64, r-release-macos-x86_64, r-oldrel-macos-arm64, r-oldrel-macos-x86_64, r-oldrel-windows-ix86+x86_64