Last updated on 2023-10-02 07:56:29 CEST.
Flavor | Version | Tinstall | Tcheck | Ttotal | Status | Flags |
---|---|---|---|---|---|---|
r-devel-linux-x86_64-debian-clang | 1.0.1 | 283.38 | 206.20 | 489.58 | OK | |
r-devel-linux-x86_64-debian-gcc | 1.0.1 | 184.54 | 154.14 | 338.68 | OK | |
r-devel-linux-x86_64-fedora-clang | 1.0.1 | 736.42 | OK | |||
r-devel-linux-x86_64-fedora-gcc | 1.0.1 | 746.86 | OK | |||
r-devel-windows-x86_64 | 1.0.1 | 220.00 | 202.00 | 422.00 | OK | |
r-patched-linux-x86_64 | 1.0.1 | 273.98 | 212.09 | 486.07 | OK | |
r-release-linux-x86_64 | 1.0.1 | 274.68 | 211.89 | 486.57 | OK | |
r-release-macos-arm64 | 1.0.1 | 177.00 | NOTE | |||
r-release-macos-x86_64 | 1.0.1 | 309.00 | NOTE | |||
r-release-windows-x86_64 | 1.0.1 | 279.00 | 240.00 | 519.00 | OK | |
r-oldrel-macos-arm64 | 1.0.1 | 167.00 | NOTE | |||
r-oldrel-macos-x86_64 | 1.0.1 | 220.00 | NOTE | |||
r-oldrel-windows-x86_64 | 1.0.1 | 255.00 | 234.00 | 489.00 | OK |
Version: 1.0.1
Check: installed package size
Result: NOTE
installed size is 16.9Mb
sub-directories of 1Mb or more:
libs 16.4Mb
Flavors: r-release-macos-arm64, r-release-macos-x86_64, r-oldrel-macos-arm64, r-oldrel-macos-x86_64