CRAN Package Check Results for Package JSM

Last updated on 2023-01-31 07:54:15 CET.

Flavor Version Tinstall Tcheck Ttotal Status Flags
r-devel-linux-x86_64-debian-clang 1.0.1 276.35 211.38 487.73 OK
r-devel-linux-x86_64-debian-gcc 1.0.1 216.99 158.95 375.94 OK
r-devel-linux-x86_64-fedora-clang 1.0.1 720.42 OK
r-devel-linux-x86_64-fedora-gcc 1.0.1 660.24 OK
r-devel-windows-x86_64 1.0.1 244.00 277.00 521.00 OK
r-patched-linux-x86_64 1.0.1 215.04 204.36 419.40 OK
r-release-linux-x86_64 1.0.1 215.62 209.34 424.96 OK
r-release-macos-arm64 1.0.1 159.00 NOTE
r-release-macos-x86_64 1.0.1 220.00 NOTE
r-release-windows-x86_64 1.0.1 209.00 278.00 487.00 OK
r-oldrel-macos-arm64 1.0.1 177.00 NOTE
r-oldrel-macos-x86_64 1.0.1 344.00 NOTE
r-oldrel-windows-ix86+x86_64 1.0.1 651.00 431.00 1082.00 OK

Check Details

Version: 1.0.1
Check: installed package size
Result: NOTE
     installed size is 16.9Mb
     sub-directories of 1Mb or more:
     libs 16.4Mb
Flavors: r-release-macos-arm64, r-release-macos-x86_64, r-oldrel-macos-arm64, r-oldrel-macos-x86_64