Last updated on 2023-02-01 06:56:16 CET.
Flavor | Version | Tinstall | Tcheck | Ttotal | Status | Flags |
---|---|---|---|---|---|---|
r-devel-linux-x86_64-debian-clang | 0.8-85 | 155.40 | 219.06 | 374.46 | NOTE | |
r-devel-linux-x86_64-debian-gcc | 0.8-85 | 139.21 | 156.96 | 296.17 | NOTE | |
r-devel-linux-x86_64-fedora-clang | 0.8-85 | 505.41 | NOTE | |||
r-devel-linux-x86_64-fedora-gcc | 0.8-85 | 491.29 | NOTE | |||
r-devel-windows-x86_64 | 0.8-85 | 165.00 | 260.00 | 425.00 | NOTE | |
r-patched-linux-x86_64 | 0.8-85 | 129.46 | 204.74 | 334.20 | OK | |
r-release-linux-x86_64 | 0.8-85 | 117.32 | 210.90 | 328.22 | OK | |
r-release-macos-arm64 | 0.8-85 | 137.00 | NOTE | |||
r-release-macos-x86_64 | 0.8-85 | 159.00 | NOTE | |||
r-release-windows-x86_64 | 0.8-85 | 156.00 | 266.00 | 422.00 | OK | |
r-oldrel-macos-arm64 | 0.8-85 | 108.00 | NOTE | |||
r-oldrel-macos-x86_64 | 0.8-85 | 217.00 | NOTE | |||
r-oldrel-windows-ix86+x86_64 | 0.8-85 | 341.00 | 295.00 | 636.00 | OK |
Version: 0.8-85
Check: C++ specification
Result: NOTE
Specified C++11: please update to current default of C++17
Flavors: r-devel-linux-x86_64-debian-clang, r-devel-linux-x86_64-debian-gcc, r-devel-linux-x86_64-fedora-clang, r-devel-linux-x86_64-fedora-gcc, r-devel-windows-x86_64
Version: 0.8-85
Check: installed package size
Result: NOTE
installed size is 8.9Mb
sub-directories of 1Mb or more:
libs 7.8Mb
Flavors: r-release-macos-arm64, r-release-macos-x86_64, r-oldrel-macos-arm64, r-oldrel-macos-x86_64