CRAN Package Check Results for Package JMI

Last updated on 2023-01-26 06:52:59 CET.

Flavor Version Tinstall Tcheck Ttotal Status Flags
r-devel-linux-x86_64-debian-clang 0.1.0 32.76 25.61 58.37 NOTE
r-devel-linux-x86_64-debian-gcc 0.1.0 24.94 20.63 45.57 NOTE
r-devel-linux-x86_64-fedora-clang 0.1.0 87.43 NOTE
r-devel-linux-x86_64-fedora-gcc 0.1.0 83.27 NOTE
r-devel-windows-x86_64 0.1.0 35.00 72.00 107.00 NOTE
r-patched-linux-x86_64 0.1.0 27.62 26.89 54.51 NOTE
r-release-linux-x86_64 0.1.0 25.90 26.72 52.62 NOTE
r-release-macos-arm64 0.1.0 25.00 NOTE
r-release-macos-x86_64 0.1.0 33.00 NOTE
r-release-windows-x86_64 0.1.0 30.00 80.00 110.00 NOTE
r-oldrel-macos-arm64 0.1.0 29.00 NOTE
r-oldrel-macos-x86_64 0.1.0 47.00 NOTE
r-oldrel-windows-ix86+x86_64 0.1.0 84.00 77.00 161.00 NOTE

Check Details

Version: 0.1.0
Check: LazyData
Result: NOTE
     'LazyData' is specified without a 'data' directory
Flavors: r-devel-linux-x86_64-debian-clang, r-devel-linux-x86_64-debian-gcc, r-devel-linux-x86_64-fedora-clang, r-devel-linux-x86_64-fedora-gcc, r-devel-windows-x86_64, r-patched-linux-x86_64, r-release-linux-x86_64, r-release-macos-arm64, r-release-macos-x86_64, r-release-windows-x86_64, r-oldrel-macos-arm64, r-oldrel-macos-x86_64, r-oldrel-windows-ix86+x86_64