Last updated on 2023-02-03 06:50:22 CET.
Flavor | Version | Tinstall | Tcheck | Ttotal | Status | Flags |
---|---|---|---|---|---|---|
r-devel-linux-x86_64-debian-clang | 1.4 | 94.29 | 34.31 | 128.60 | NOTE | |
r-devel-linux-x86_64-debian-gcc | 1.4 | 71.59 | 26.14 | 97.73 | NOTE | |
r-devel-linux-x86_64-fedora-clang | 1.4 | 214.35 | NOTE | |||
r-devel-linux-x86_64-fedora-gcc | 1.4 | 163.50 | NOTE | |||
r-patched-linux-x86_64 | 1.4 | 73.98 | 34.26 | 108.24 | OK | |
r-release-linux-x86_64 | 1.4 | 74.16 | 34.73 | 108.89 | OK | |
r-release-macos-arm64 | 1.4 | 41.00 | OK | |||
r-release-macos-x86_64 | 1.4 | 60.00 | OK | |||
r-release-windows-x86_64 | 1.4 | 111.00 | 98.00 | 209.00 | OK | |
r-oldrel-macos-arm64 | 1.4 | 43.00 | OK | |||
r-oldrel-macos-x86_64 | 1.4 | 86.00 | OK | |||
r-oldrel-windows-ix86+x86_64 | 1.4 | 236.00 | 94.00 | 330.00 | OK |
Version: 1.4
Check: C++ specification
Result: NOTE
Specified C++11: please update to current default of C++17
Flavors: r-devel-linux-x86_64-debian-clang, r-devel-linux-x86_64-debian-gcc, r-devel-linux-x86_64-fedora-clang, r-devel-linux-x86_64-fedora-gcc