CRAN Package Check Results for Package InterfaceqPCR

Last updated on 2023-02-06 06:51:59 CET.

Flavor Version Tinstall Tcheck Ttotal Status Flags
r-devel-linux-x86_64-debian-clang 1.0 15.24 97.80 113.04 NOTE
r-devel-linux-x86_64-debian-gcc 1.0 11.62 72.95 84.57 NOTE
r-devel-linux-x86_64-fedora-clang 1.0 151.81 NOTE
r-devel-linux-x86_64-fedora-gcc 1.0 143.34 NOTE
r-devel-windows-x86_64 1.0 37.00 113.00 150.00 NOTE
r-patched-linux-x86_64 1.0 16.34 104.20 120.54 NOTE
r-release-linux-x86_64 1.0 15.22 106.66 121.88 NOTE
r-release-macos-arm64 1.0 57.00 NOTE
r-release-macos-x86_64 1.0 80.00 NOTE
r-release-windows-x86_64 1.0 21.00 116.00 137.00 NOTE
r-oldrel-macos-arm64 1.0 81.00 NOTE
r-oldrel-macos-x86_64 1.0 88.00 NOTE
r-oldrel-windows-ix86+x86_64 1.0 24.00 103.00 127.00 NOTE

Check Details

Version: 1.0
Check: LazyData
Result: NOTE
     'LazyData' is specified without a 'data' directory
Flavors: r-devel-linux-x86_64-debian-clang, r-devel-linux-x86_64-debian-gcc, r-devel-linux-x86_64-fedora-clang, r-devel-linux-x86_64-fedora-gcc, r-devel-windows-x86_64, r-patched-linux-x86_64, r-release-linux-x86_64, r-release-macos-arm64, r-release-macos-x86_64, r-release-windows-x86_64, r-oldrel-macos-arm64, r-oldrel-macos-x86_64, r-oldrel-windows-ix86+x86_64