Last updated on 2023-03-30 06:53:17 CEST.
Flavor | Version | Tinstall | Tcheck | Ttotal | Status | Flags |
---|---|---|---|---|---|---|
r-devel-linux-x86_64-debian-clang | 1.1.3 | 4.98 | 214.65 | 219.63 | OK | |
r-devel-linux-x86_64-debian-gcc | 1.1.3 | 3.47 | 170.16 | 173.63 | OK | |
r-devel-linux-x86_64-fedora-clang | 1.1.3 | 262.79 | NOTE | |||
r-devel-linux-x86_64-fedora-gcc | 1.1.3 | 254.10 | NOTE | |||
r-devel-windows-x86_64 | 1.1.3 | 21.00 | 0.00 | 21.00 | OK | |
r-patched-linux-x86_64 | 1.1.3 | 5.10 | 225.31 | 230.41 | OK | |
r-release-linux-x86_64 | 1.1.3 | 3.32 | 210.54 | 213.86 | OK | |
r-release-macos-arm64 | 1.1.3 | 74.00 | NOTE | |||
r-release-macos-x86_64 | 1.1.3 | 115.00 | NOTE | |||
r-release-windows-x86_64 | 1.1.3 | 7.00 | 354.00 | 361.00 | OK | |
r-oldrel-macos-arm64 | 1.1.3 | 91.00 | NOTE | |||
r-oldrel-macos-x86_64 | 1.1.3 | 91.00 | NOTE | |||
r-oldrel-windows-ix86+x86_64 | 1.1.3 | 12.00 | 187.00 | 199.00 | OK |
Version: 1.1.3
Check: dependencies in R code
Result: NOTE
Namespaces in Imports field not imported from:
‘curl’ ‘readxl’
All declared Imports should be used.
Flavors: r-devel-linux-x86_64-fedora-clang, r-devel-linux-x86_64-fedora-gcc, r-release-macos-arm64, r-release-macos-x86_64, r-oldrel-macos-arm64, r-oldrel-macos-x86_64