Last updated on 2023-02-04 08:01:18 CET.
Flavor | Version | Tinstall | Tcheck | Ttotal | Status | Flags |
---|---|---|---|---|---|---|
r-devel-linux-x86_64-debian-clang | 1.1.9 | 24.11 | 54.17 | 78.28 | NOTE | |
r-devel-linux-x86_64-debian-gcc | 1.1.9 | 18.78 | 40.56 | 59.34 | NOTE | |
r-devel-linux-x86_64-fedora-clang | 1.1.9 | 111.63 | NOTE | |||
r-devel-linux-x86_64-fedora-gcc | 1.1.9 | 98.01 | NOTE | |||
r-devel-windows-x86_64 | 1.1.9 | 50.00 | 106.00 | 156.00 | OK | |
r-patched-linux-x86_64 | 1.1.9 | 21.70 | 51.46 | 73.16 | NOTE | |
r-release-linux-x86_64 | 1.1.9 | 19.09 | 52.45 | 71.54 | NOTE | |
r-release-macos-arm64 | 1.1.9 | 38.00 | OK | |||
r-release-macos-x86_64 | 1.1.9 | 97.00 | OK | |||
r-release-windows-x86_64 | 1.1.9 | 47.00 | 110.00 | 157.00 | OK | |
r-oldrel-macos-arm64 | 1.1.9 | 56.00 | OK | |||
r-oldrel-macos-x86_64 | 1.1.9 | 60.00 | OK | |||
r-oldrel-windows-ix86+x86_64 | 1.1.9 | 56.00 | 130.00 | 186.00 | OK |
Version: 1.1.9
Check: for non-standard things in the check directory
Result: NOTE
Found the following files/directories:
‘Error_Estimation_Response_1.tiff’ ‘Error_Estimation_Response_2.tiff’
‘Error_Estimation_Response_3.tiff’
Flavors: r-devel-linux-x86_64-debian-clang, r-devel-linux-x86_64-debian-gcc, r-devel-linux-x86_64-fedora-clang, r-devel-linux-x86_64-fedora-gcc, r-patched-linux-x86_64, r-release-linux-x86_64