CRAN Package Check Results for Package InfiniumPurify

Last updated on 2023-01-26 06:52:59 CET.

Flavor Version Tinstall Tcheck Ttotal Status Flags
r-devel-linux-x86_64-debian-clang 1.3.1 2.51 40.05 42.56 OK
r-devel-linux-x86_64-debian-gcc 1.3.1 2.10 30.14 32.24 OK
r-devel-linux-x86_64-fedora-clang 1.3.1 52.22 NOTE
r-devel-linux-x86_64-fedora-gcc 1.3.1 53.14 OK
r-devel-windows-x86_64 1.3.1 31.00 69.00 100.00 OK
r-patched-linux-x86_64 1.3.1 2.48 39.27 41.75 OK
r-release-linux-x86_64 1.3.1 2.03 38.86 40.89 OK
r-release-macos-arm64 1.3.1 25.00 NOTE
r-release-macos-x86_64 1.3.1 29.00 OK
r-release-windows-x86_64 1.3.1 22.00 67.00 89.00 OK
r-oldrel-macos-arm64 1.3.1 27.00 NOTE
r-oldrel-macos-x86_64 1.3.1 35.00 OK
r-oldrel-windows-ix86+x86_64 1.3.1 6.00 67.00 73.00 OK

Check Details

Version: 1.3.1
Check: Rd cross-references
Result: NOTE
    Undeclared package ‘minfi’ in Rd xrefs
Flavor: r-devel-linux-x86_64-fedora-clang

Version: 1.3.1
Check: Rd cross-references
Result: NOTE
    Package unavailable to check Rd xrefs: ‘minfi’
Flavors: r-release-macos-arm64, r-oldrel-macos-arm64