CRAN Package Check Results for Package ISOcodes

Last updated on 2023-03-30 06:53:18 CEST.

Flavor Version Tinstall Tcheck Ttotal Status Flags
r-devel-linux-x86_64-debian-clang 2022.09.29 1.92 15.85 17.77 OK
r-devel-linux-x86_64-debian-gcc 2022.09.29 1.43 12.64 14.07 OK
r-devel-linux-x86_64-fedora-clang 2022.09.29 22.84 NOTE
r-devel-linux-x86_64-fedora-gcc 2022.09.29 22.83 NOTE
r-devel-windows-x86_64 2022.09.29 12.00 64.00 76.00 OK
r-patched-linux-x86_64 2022.09.29 2.18 15.71 17.89 OK
r-release-linux-x86_64 2022.09.29 1.26 15.55 16.81 OK
r-release-macos-arm64 2022.09.29 12.00 NOTE
r-release-macos-x86_64 2022.09.29 16.00 NOTE
r-release-windows-x86_64 2022.09.29 3.00 33.00 36.00 OK
r-oldrel-macos-arm64 2022.09.29 15.00 NOTE
r-oldrel-macos-x86_64 2022.09.29 20.00 NOTE
r-oldrel-windows-ix86+x86_64 2022.09.29 6.00 34.00 40.00 OK

Check Details

Version: 2022.09.29
Check: Rd cross-references
Result: NOTE
    Undeclared package ‘Unicode’ in Rd xrefs
Flavor: r-devel-linux-x86_64-fedora-clang

Version: 2022.09.29
Check: data for non-ASCII characters
Result: NOTE
     Note: found 7528 marked UTF-8 strings
Flavors: r-devel-linux-x86_64-fedora-clang, r-devel-linux-x86_64-fedora-gcc, r-release-macos-arm64, r-release-macos-x86_64, r-oldrel-macos-arm64, r-oldrel-macos-x86_64