CRAN Package Check Results for Package ISEtools

Last updated on 2024-02-23 07:52:11 CET.

Flavor Version Tinstall Tcheck Ttotal Status Flags
r-devel-linux-x86_64-debian-clang 3.2.0 NOTE
r-devel-linux-x86_64-debian-gcc 3.2.0 3.33 28.61 31.94 NOTE
r-devel-linux-x86_64-fedora-clang 3.2.0 54.68 NOTE
r-devel-linux-x86_64-fedora-gcc 3.2.0 66.84 NOTE
r-devel-windows-x86_64 3.2.0 4.00 51.00 55.00 OK
r-patched-linux-x86_64 3.2.0 3.86 36.67 40.53 OK
r-release-linux-x86_64 3.2.0 4.15 36.72 40.87 OK
r-release-macos-arm64 3.2.0 28.00 OK
r-release-macos-x86_64 3.2.0 40.00 OK
r-release-windows-x86_64 3.2.0 5.00 56.00 61.00 OK
r-oldrel-macos-arm64 3.2.0 24.00 OK
r-oldrel-windows-x86_64 3.2.0 5.00 60.00 65.00 OK

Additional issues

noSuggests

Check Details

Version: 3.2.0
Check: Rd files
Result: NOTE checkRd: (-1) analyseISE.Rd:66: Lost braces; missing escapes or markup? 66 | False positive rate used for detection threshold (not output) to calculate LOD(alpha, beta) {only returned if SN = NA} | ^ checkRd: (-1) analyseISE.Rd:69: Lost braces; missing escapes or markup? 69 | False negative rate used to calculate LOD(alpha, beta) {only returned if SN = NA} | ^ checkRd: (-1) describeISE.Rd:71: Lost braces; missing escapes or markup? 71 | False positive rate used for detection threshold (not output) to calculate LOD(alpha, beta) {only returned if SN = NA} | ^ checkRd: (-1) describeISE.Rd:74: Lost braces; missing escapes or markup? 74 | False negative rate used to calculate LOD(alpha, beta) {only returned if SN = NA} | ^ Flavor: r-devel-linux-x86_64-debian-clang

Version: 3.2.0
Check: Rd files
Result: NOTE checkRd: (-1) analyseISE.Rd:66: Lost braces; missing escapes or markup? 66 | False positive rate used for detection threshold (not output) to calculate LOD(alpha, beta) {only returned if SN = NA} | ^ checkRd: (-1) analyseISE.Rd:69: Lost braces; missing escapes or markup? 69 | False negative rate used to calculate LOD(alpha, beta) {only returned if SN = NA} | ^ checkRd: (-1) describeISE.Rd:71: Lost braces; missing escapes or markup? 71 | False positive rate used for detection threshold (not output) to calculate LOD(alpha, beta) {only returned if SN = NA} | ^ checkRd: (-1) describeISE.Rd:74: Lost braces; missing escapes or markup? 74 | False negative rate used to calculate LOD(alpha, beta) {only returned if SN = NA} | ^ Flavors: r-devel-linux-x86_64-debian-gcc, r-devel-linux-x86_64-fedora-clang, r-devel-linux-x86_64-fedora-gcc