Last updated on 2023-01-27 07:50:35 CET.
Flavor | Version | Tinstall | Tcheck | Ttotal | Status | Flags |
---|---|---|---|---|---|---|
r-devel-linux-x86_64-debian-clang | 1.0.5 | 3.63 | 287.26 | 290.89 | NOTE | |
r-devel-linux-x86_64-debian-gcc | 1.0.5 | 2.85 | 193.82 | 196.67 | NOTE | |
r-devel-linux-x86_64-fedora-clang | 1.0.5 | 348.25 | NOTE | |||
r-devel-linux-x86_64-fedora-gcc | 1.0.5 | 361.32 | NOTE | |||
r-devel-windows-x86_64 | 1.0.5 | 7.00 | 273.00 | 280.00 | NOTE | |
r-patched-linux-x86_64 | 1.0.5 | 3.63 | 273.32 | 276.95 | NOTE | |
r-release-linux-x86_64 | 1.0.5 | 2.70 | 273.27 | 275.97 | NOTE | |
r-release-macos-arm64 | 1.0.5 | 78.00 | NOTE | |||
r-release-macos-x86_64 | 1.0.5 | 107.00 | NOTE | |||
r-release-windows-x86_64 | 1.0.5 | 12.00 | 273.00 | 285.00 | NOTE | |
r-oldrel-macos-arm64 | 1.0.5 | 95.00 | NOTE | |||
r-oldrel-macos-x86_64 | 1.0.5 | 149.00 | NOTE | |||
r-oldrel-windows-ix86+x86_64 | 1.0.5 | 10.00 | 329.00 | 339.00 | NOTE |
Version: 1.0.5
Check: LazyData
Result: NOTE
'LazyData' is specified without a 'data' directory
Flavors: r-devel-linux-x86_64-debian-clang, r-devel-linux-x86_64-debian-gcc, r-devel-linux-x86_64-fedora-clang, r-devel-linux-x86_64-fedora-gcc, r-devel-windows-x86_64, r-patched-linux-x86_64, r-release-linux-x86_64, r-release-macos-arm64, r-release-macos-x86_64, r-release-windows-x86_64, r-oldrel-macos-arm64, r-oldrel-macos-x86_64, r-oldrel-windows-ix86+x86_64