CRAN Package Check Results for Package INTRIGUE

Last updated on 2023-03-28 07:53:05 CEST.

Flavor Version Tinstall Tcheck Ttotal Status Flags
r-devel-linux-x86_64-debian-clang 0.1.0 3.23 33.83 37.06 OK
r-devel-linux-x86_64-debian-gcc 0.1.0 2.56 25.53 28.09 OK
r-devel-linux-x86_64-fedora-clang 0.1.0 45.63 NOTE
r-devel-linux-x86_64-fedora-gcc 0.1.0 43.37 NOTE
r-patched-linux-x86_64 0.1.0 3.44 32.32 35.76 OK
r-release-linux-x86_64 0.1.0 3.06 33.04 36.10 OK
r-release-macos-arm64 0.1.0 19.00 NOTE
r-release-macos-x86_64 0.1.0 31.00 NOTE
r-release-windows-x86_64 0.1.0 21.00 64.00 85.00 OK
r-oldrel-macos-arm64 0.1.0 25.00 NOTE
r-oldrel-macos-x86_64 0.1.0 26.00 NOTE
r-oldrel-windows-ix86+x86_64 0.1.0 8.00 59.00 67.00 OK

Check Details

Version: 0.1.0
Check: dependencies in R code
Result: NOTE
    Namespace in Imports field not imported from: ‘dplyr’
     All declared Imports should be used.
Flavors: r-devel-linux-x86_64-fedora-clang, r-devel-linux-x86_64-fedora-gcc, r-release-macos-arm64, r-release-macos-x86_64, r-oldrel-macos-arm64, r-oldrel-macos-x86_64