CRAN Package Check Results for Package INTRIGUE

Last updated on 2024-04-13 07:53:08 CEST.

Flavor Version Tinstall Tcheck Ttotal Status Flags
r-devel-linux-x86_64-debian-clang 0.1.0 2.10 33.47 35.57 OK
r-devel-linux-x86_64-debian-gcc 0.1.0 2.65 25.31 27.96 OK
r-devel-linux-x86_64-fedora-clang 0.1.0 46.25 NOTE
r-devel-linux-x86_64-fedora-gcc 0.1.0 45.09 NOTE
r-devel-windows-x86_64 0.1.0 4.00 46.00 50.00 OK
r-patched-linux-x86_64 0.1.0 3.74 32.91 36.65 OK
r-release-linux-x86_64 0.1.0 3.41 33.26 36.67 OK
r-release-macos-arm64 0.1.0 20.00 OK
r-release-macos-x86_64 0.1.0 24.00 OK
r-release-windows-x86_64 0.1.0 5.00 47.00 52.00 OK
r-oldrel-macos-arm64 0.1.0 19.00 NOTE
r-oldrel-windows-x86_64 0.1.0 5.00 50.00 55.00 OK

Check Details

Version: 0.1.0
Check: dependencies in R code
Result: NOTE Namespace in Imports field not imported from: ‘dplyr’ All declared Imports should be used. Flavors: r-devel-linux-x86_64-fedora-clang, r-devel-linux-x86_64-fedora-gcc, r-oldrel-macos-arm64