Last updated on 2023-01-27 07:50:34 CET.
Flavor | Version | Tinstall | Tcheck | Ttotal | Status | Flags |
---|---|---|---|---|---|---|
r-devel-linux-x86_64-debian-clang | 1.0.0 | 6.93 | 70.85 | 77.78 | OK | |
r-devel-linux-x86_64-debian-gcc | 1.0.0 | 4.83 | 52.72 | 57.55 | OK | |
r-devel-linux-x86_64-fedora-clang | 1.0.0 | 94.91 | NOTE | |||
r-devel-linux-x86_64-fedora-gcc | 1.0.0 | 94.04 | NOTE | |||
r-devel-windows-x86_64 | 1.0.0 | 15.00 | 122.00 | 137.00 | OK | |
r-patched-linux-x86_64 | 1.0.0 | 7.18 | 67.08 | 74.26 | OK | |
r-release-linux-x86_64 | 1.0.0 | 6.79 | 68.58 | 75.37 | OK | |
r-release-macos-arm64 | 1.0.0 | 39.00 | NOTE | |||
r-release-macos-x86_64 | 1.0.0 | 55.00 | NOTE | |||
r-release-windows-x86_64 | 1.0.0 | 13.00 | 121.00 | 134.00 | OK | |
r-oldrel-macos-arm64 | 1.0.0 | 34.00 | NOTE | |||
r-oldrel-macos-x86_64 | 1.0.0 | 48.00 | NOTE | |||
r-oldrel-windows-ix86+x86_64 | 1.0.0 | 18.00 | 125.00 | 143.00 | OK |
Version: 1.0.0
Check: dependencies in R code
Result: NOTE
Namespace in Imports field not imported from: ‘Rdpack’
All declared Imports should be used.
Flavors: r-devel-linux-x86_64-fedora-clang, r-devel-linux-x86_64-fedora-gcc, r-release-macos-arm64, r-release-macos-x86_64, r-oldrel-macos-arm64, r-oldrel-macos-x86_64