CRAN Package Check Results for Package ICSNP

Last updated on 2022-12-04 07:55:11 CET.

Flavor Version Tinstall Tcheck Ttotal Status Flags
r-devel-linux-x86_64-debian-clang 1.1-1 12.15 94.39 106.54 NOTE
r-devel-linux-x86_64-debian-gcc 1.1-1 10.78 71.83 82.61 NOTE
r-devel-linux-x86_64-fedora-clang 1.1-1 147.03 NOTE
r-devel-linux-x86_64-fedora-gcc 1.1-1 139.29 NOTE
r-devel-windows-x86_64 1.1-1 27.00 122.00 149.00 NOTE
r-patched-linux-x86_64 1.1-1 10.81 89.73 100.54 OK
r-release-linux-x86_64 1.1-1 10.56 87.49 98.05 OK
r-release-macos-arm64 1.1-1 37.00 OK
r-release-macos-x86_64 1.1-1 53.00 OK
r-release-windows-x86_64 1.1-1 33.00 127.00 160.00 OK
r-oldrel-macos-arm64 1.1-1 43.00 OK
r-oldrel-macos-x86_64 1.1-1 56.00 OK
r-oldrel-windows-ix86+x86_64 1.1-1 29.00 145.00 174.00 OK

Check Details

Version: 1.1-1
Check: Rd files
Result: NOTE
    checkRd: (-1) pulmonary.Rd:13: Escaped LaTeX specials: \_
Flavors: r-devel-linux-x86_64-debian-clang, r-devel-linux-x86_64-debian-gcc, r-devel-linux-x86_64-fedora-clang, r-devel-linux-x86_64-fedora-gcc, r-devel-windows-x86_64