Last updated on 2023-02-07 07:54:04 CET.
Flavor | Version | Tinstall | Tcheck | Ttotal | Status | Flags |
---|---|---|---|---|---|---|
r-devel-linux-x86_64-debian-clang | 0.2.0 | 34.42 | 114.23 | 148.65 | NOTE | |
r-devel-linux-x86_64-debian-gcc | 0.2.0 | 26.36 | 81.71 | 108.07 | NOTE | |
r-devel-linux-x86_64-fedora-clang | 0.2.0 | 204.07 | NOTE | |||
r-devel-linux-x86_64-fedora-gcc | 0.2.0 | 192.31 | NOTE | |||
r-devel-windows-x86_64 | 0.2.0 | 44.00 | 156.00 | 200.00 | NOTE | |
r-patched-linux-x86_64 | 0.2.0 | 29.28 | 104.62 | 133.90 | OK | |
r-release-linux-x86_64 | 0.2.0 | 29.63 | 101.25 | 130.88 | OK | |
r-release-macos-arm64 | 0.2.0 | 43.00 | OK | |||
r-release-macos-x86_64 | 0.2.0 | 86.00 | OK | |||
r-release-windows-x86_64 | 0.2.0 | 45.00 | 168.00 | 213.00 | OK | |
r-oldrel-macos-arm64 | 0.2.0 | 63.00 | OK | |||
r-oldrel-macos-x86_64 | 0.2.0 | 65.00 | OK | |||
r-oldrel-windows-ix86+x86_64 | 0.2.0 | 79.00 | 174.00 | 253.00 | OK |
Version: 0.2.0
Check: C++ specification
Result: NOTE
Specified C++11: please update to current default of C++17
Flavors: r-devel-linux-x86_64-debian-clang, r-devel-linux-x86_64-debian-gcc, r-devel-linux-x86_64-fedora-clang, r-devel-linux-x86_64-fedora-gcc, r-devel-windows-x86_64