Last updated on 2023-01-30 09:54:14 CET.
Flavor | Version | Tinstall | Tcheck | Ttotal | Status | Flags |
---|---|---|---|---|---|---|
r-devel-linux-x86_64-debian-clang | 2.3.10 | 53.81 | 1056.19 | 1110.00 | OK | |
r-devel-linux-x86_64-debian-gcc | 2.3.10 | 44.47 | 675.07 | 719.54 | OK | |
r-devel-linux-x86_64-fedora-clang | 2.3.10 | 1219.28 | OK | |||
r-devel-linux-x86_64-fedora-gcc | 2.3.10 | 944.98 | OK | |||
r-devel-windows-x86_64 | 2.3.10 | 161.00 | 902.00 | 1063.00 | OK | |
r-patched-linux-x86_64 | 2.3.10 | 46.28 | 849.87 | 896.15 | OK | |
r-release-linux-x86_64 | 2.3.10 | 40.96 | 855.41 | 896.37 | OK | |
r-release-macos-arm64 | 2.3.10 | 164.00 | NOTE | |||
r-release-macos-x86_64 | 2.3.10 | 277.00 | NOTE | |||
r-release-windows-x86_64 | 2.3.10 | 187.00 | 909.00 | 1096.00 | OK | |
r-oldrel-macos-arm64 | 2.3.10 | 371.00 | NOTE | |||
r-oldrel-macos-x86_64 | 2.3.10 | 241.00 | NOTE | |||
r-oldrel-windows-ix86+x86_64 | 2.3.10 | 113.00 | 856.00 | 969.00 | OK |
Version: 2.3.10
Check: package dependencies
Result: NOTE
Packages suggested but not available for checking:
'BSgenome.Hsapiens.1000genomes.hs37d5',
'BSgenome.Hsapiens.UCSC.hg38', 'BSgenome.Mmusculus.UCSC.mm10'
Flavors: r-release-macos-arm64, r-release-macos-x86_64, r-oldrel-macos-x86_64
Version: 2.3.10
Check: package dependencies
Result: NOTE
Package suggested but not available for checking: ‘BSgenome.Mmusculus.UCSC.mm10’
Flavor: r-oldrel-macos-arm64