Last updated on 2023-01-30 09:54:14 CET.
Flavor | Version | Tinstall | Tcheck | Ttotal | Status | Flags |
---|---|---|---|---|---|---|
r-devel-linux-x86_64-debian-clang | 0.6-4 | 7.77 | 68.48 | 76.25 | NOTE | |
r-devel-linux-x86_64-debian-gcc | 0.6-4 | 5.23 | 52.14 | 57.37 | NOTE | |
r-devel-linux-x86_64-fedora-clang | 0.6-4 | 94.54 | NOTE | |||
r-devel-linux-x86_64-fedora-gcc | 0.6-4 | 94.60 | NOTE | |||
r-devel-windows-x86_64 | 0.6-4 | 161.00 | 113.00 | 274.00 | NOTE | |
r-patched-linux-x86_64 | 0.6-4 | 8.28 | 63.79 | 72.07 | OK | |
r-release-linux-x86_64 | 0.6-4 | 6.89 | 64.24 | 71.13 | OK | |
r-release-macos-arm64 | 0.6-4 | 27.00 | OK | |||
r-release-macos-x86_64 | 0.6-4 | 42.00 | OK | |||
r-release-windows-x86_64 | 0.6-4 | 114.00 | 113.00 | 227.00 | OK | |
r-oldrel-macos-arm64 | 0.6-4 | 32.00 | OK | |||
r-oldrel-macos-x86_64 | 0.6-4 | 42.00 | OK | |||
r-oldrel-windows-ix86+x86_64 | 0.6-4 | 14.00 | 91.00 | 105.00 | OK |
Version: 0.6-4
Check: Rd files
Result: NOTE
checkRd: (-1) SandP500.Rd:4: Escaped LaTeX specials: \&
checkRd: (-1) SandP500.Rd:7: Escaped LaTeX specials: \&
Flavors: r-devel-linux-x86_64-debian-clang, r-devel-linux-x86_64-debian-gcc, r-devel-linux-x86_64-fedora-clang, r-devel-linux-x86_64-fedora-gcc, r-devel-windows-x86_64