CRAN Package Check Results for Package HostSwitch

Last updated on 2023-02-05 07:57:25 CET.

Flavor Version Tinstall Tcheck Ttotal Status Flags
r-devel-linux-x86_64-debian-clang 0.1.2 7.74 86.64 94.38 OK
r-devel-linux-x86_64-debian-gcc 0.1.2 6.21 65.78 71.99 OK
r-devel-linux-x86_64-fedora-clang 0.1.2 124.99 NOTE
r-devel-linux-x86_64-fedora-gcc 0.1.2 127.67 NOTE
r-devel-windows-x86_64 0.1.2 32.00 131.00 163.00 OK
r-patched-linux-x86_64 0.1.2 8.80 82.94 91.74 OK
r-release-linux-x86_64 0.1.2 6.23 84.11 90.34 OK
r-release-macos-arm64 0.1.2 40.00 NOTE
r-release-macos-x86_64 0.1.2 63.00 NOTE
r-release-windows-x86_64 0.1.2 28.00 140.00 168.00 OK
r-oldrel-macos-arm64 0.1.2 42.00 NOTE
r-oldrel-macos-x86_64 0.1.2 68.00 NOTE
r-oldrel-windows-ix86+x86_64 0.1.2 21.00 118.00 139.00 OK

Check Details

Version: 0.1.2
Check: dependencies in R code
Result: NOTE
    Namespace in Imports field not imported from: ‘purrr’
     All declared Imports should be used.
Flavors: r-devel-linux-x86_64-fedora-clang, r-devel-linux-x86_64-fedora-gcc, r-release-macos-arm64, r-release-macos-x86_64, r-oldrel-macos-arm64, r-oldrel-macos-x86_64