Last updated on 2023-10-02 07:56:28 CEST.
Flavor | Version | Tinstall | Tcheck | Ttotal | Status | Flags |
---|---|---|---|---|---|---|
r-devel-linux-x86_64-debian-clang | 0.9-1 | 2.90 | 65.98 | 68.88 | OK | |
r-devel-linux-x86_64-debian-gcc | 0.9-1 | 2.55 | 49.77 | 52.32 | OK | |
r-devel-linux-x86_64-fedora-clang | 0.9-1 | 88.20 | NOTE | |||
r-devel-linux-x86_64-fedora-gcc | 0.9-1 | 94.48 | OK | |||
r-devel-windows-x86_64 | 0.9-1 | 6.00 | 87.00 | 93.00 | OK | |
r-patched-linux-x86_64 | 0.9-1 | 4.95 | 62.82 | 67.77 | OK | |
r-release-linux-x86_64 | 0.9-1 | 3.04 | 63.27 | 66.31 | OK | |
r-release-macos-arm64 | 0.9-1 | 50.00 | OK | |||
r-release-macos-x86_64 | 0.9-1 | 100.00 | OK | |||
r-release-windows-x86_64 | 0.9-1 | 6.00 | 103.00 | 109.00 | OK | |
r-oldrel-macos-arm64 | 0.9-1 | 45.00 | OK | |||
r-oldrel-macos-x86_64 | 0.9-1 | 50.00 | OK | |||
r-oldrel-windows-x86_64 | 0.9-1 | 6.00 | 98.00 | 104.00 | OK |
Version: 0.9-1
Check: Rd cross-references
Result: NOTE
Undeclared packages ‘Guerry’, ‘alr4’, ‘agridat’, ‘coin’ in Rd xrefs
Flavor: r-devel-linux-x86_64-fedora-clang