CRAN Package Check Results for Package HistData

Last updated on 2022-11-28 05:52:26 CET.

Flavor Version Tinstall Tcheck Ttotal Status Flags
r-devel-linux-x86_64-debian-clang 0.8-7 2.82 60.79 63.61 NOTE
r-devel-linux-x86_64-debian-gcc 0.8-7 2.44 46.21 48.65 NOTE
r-devel-linux-x86_64-fedora-clang 0.8-7 91.65 NOTE
r-devel-linux-x86_64-fedora-gcc 0.8-7 101.87 NOTE
r-devel-windows-x86_64 0.8-7 24.00 114.00 138.00 NOTE
r-patched-linux-x86_64 0.8-7 3.55 54.10 57.65 OK
r-release-linux-x86_64 0.8-7 2.58 55.79 58.37 OK
r-release-macos-arm64 0.8-7 23.00 OK
r-release-macos-x86_64 0.8-7 34.00 OK
r-release-windows-x86_64 0.8-7 21.00 113.00 134.00 OK
r-oldrel-macos-arm64 0.8-7 32.00 OK
r-oldrel-macos-x86_64 0.8-7 49.00 OK
r-oldrel-windows-ix86+x86_64 0.8-7 6.00 94.00 100.00 OK

Check Details

Version: 0.8-7
Check: Rd files
Result: NOTE
    checkRd: (-1) Snow.Rd:118: Escaped LaTeX specials: \&
    checkRd: (-1) Snow.Rd:142: Escaped LaTeX specials: \&
    checkRd: (-1) Yeast.Rd:56: Escaped LaTeX specials: \&
Flavors: r-devel-linux-x86_64-debian-clang, r-devel-linux-x86_64-debian-gcc, r-devel-linux-x86_64-fedora-clang, r-devel-linux-x86_64-fedora-gcc, r-devel-windows-x86_64

Version: 0.8-7
Check: Rd cross-references
Result: NOTE
    Undeclared packages ‘Guerry’, ‘alr4’, ‘agridat’, ‘coin’ in Rd xrefs
Flavor: r-devel-linux-x86_64-fedora-clang