Last updated on 2023-02-07 07:54:04 CET.
Flavor | Version | Tinstall | Tcheck | Ttotal | Status | Flags |
---|---|---|---|---|---|---|
r-devel-linux-x86_64-debian-clang | 1.0.7 | 71.20 | 165.60 | 236.80 | NOTE | |
r-devel-linux-x86_64-debian-gcc | 1.0.7 | 59.34 | 119.67 | 179.01 | NOTE | |
r-devel-linux-x86_64-fedora-clang | 1.0.7 | 306.29 | NOTE | |||
r-devel-linux-x86_64-fedora-gcc | 1.0.7 | 302.33 | NOTE | |||
r-devel-windows-x86_64 | 1.0.7 | 172.00 | 226.00 | 398.00 | NOTE | |
r-patched-linux-x86_64 | 1.0.7 | 59.78 | 146.81 | 206.59 | OK | |
r-release-linux-x86_64 | 1.0.7 | 53.62 | 155.26 | 208.88 | OK | |
r-release-macos-arm64 | 1.0.7 | 79.00 | NOTE | |||
r-release-macos-x86_64 | 1.0.7 | 109.00 | NOTE | |||
r-release-windows-x86_64 | 1.0.7 | 168.00 | 242.00 | 410.00 | OK | |
r-oldrel-macos-arm64 | 1.0.7 | 74.00 | NOTE | |||
r-oldrel-macos-x86_64 | 1.0.7 | 107.00 | NOTE | |||
r-oldrel-windows-ix86+x86_64 | 1.0.7 | 154.00 | 252.00 | 406.00 | OK |
Version: 1.0.7
Check: C++ specification
Result: NOTE
Specified C++11: please update to current default of C++17
Flavors: r-devel-linux-x86_64-debian-clang, r-devel-linux-x86_64-debian-gcc, r-devel-linux-x86_64-fedora-clang, r-devel-linux-x86_64-fedora-gcc, r-devel-windows-x86_64
Version: 1.0.7
Check: dependencies in R code
Result: NOTE
Namespace in Imports field not imported from: ‘plyr’
All declared Imports should be used.
Flavors: r-devel-linux-x86_64-fedora-clang, r-devel-linux-x86_64-fedora-gcc, r-release-macos-arm64, r-release-macos-x86_64, r-oldrel-macos-arm64, r-oldrel-macos-x86_64
Version: 1.0.7
Check: installed package size
Result: NOTE
installed size is 7.1Mb
sub-directories of 1Mb or more:
data 1.0Mb
libs 5.1Mb
Flavors: r-release-macos-arm64, r-release-macos-x86_64, r-oldrel-macos-arm64, r-oldrel-macos-x86_64