CRAN Package Check Results for Package HiDimDA

Last updated on 2023-01-26 06:52:58 CET.

Flavor Version Tinstall Tcheck Ttotal Status Flags
r-devel-linux-x86_64-debian-clang 0.2-4 12.36 55.07 67.43 OK
r-devel-linux-x86_64-debian-gcc 0.2-4 8.09 42.05 50.14 OK
r-devel-linux-x86_64-fedora-clang 0.2-4 84.03 NOTE
r-devel-linux-x86_64-fedora-gcc 0.2-4 81.80 NOTE
r-devel-windows-x86_64 0.2-4 43.00 87.00 130.00 OK
r-patched-linux-x86_64 0.2-4 10.55 53.79 64.34 OK
r-release-linux-x86_64 0.2-4 9.92 52.87 62.79 OK
r-release-macos-arm64 0.2-4 27.00 OK
r-release-macos-x86_64 0.2-4 35.00 OK
r-release-windows-x86_64 0.2-4 41.00 83.00 124.00 OK
r-oldrel-macos-arm64 0.2-4 31.00 OK
r-oldrel-macos-x86_64 0.2-4 65.00 OK
r-oldrel-windows-ix86+x86_64 0.2-4 24.00 89.00 113.00 OK

Check Details

Version: 0.2-4
Check: compiled code
Result: NOTE
    File ‘HiDimDA/libs/HiDimDA.so’:
     Found no calls to: ‘R_registerRoutines’, ‘R_useDynamicSymbols’
    
    It is good practice to register native routines and to disable symbol
    search.
    
    See ‘Writing portable packages’ in the ‘Writing R Extensions’ manual.
Flavors: r-devel-linux-x86_64-fedora-clang, r-devel-linux-x86_64-fedora-gcc